{"id":4776,"date":"2025-11-16T16:11:26","date_gmt":"2025-11-16T15:11:26","guid":{"rendered":"https:\/\/www.notredamedesion.fr\/lycee\/?page_id=4776"},"modified":"2025-12-19T11:07:37","modified_gmt":"2025-12-19T10:07:37","slug":"histoire-geographie-geopolitique-du-monde-contemporain","status":"publish","type":"page","link":"https:\/\/www.notredamedesion.fr\/lycee\/prepa-ecg\/disciplines\/histoire-geographie-geopolitique-du-monde-contemporain\/","title":{"rendered":"Histoire G\u00e9ographie G\u00e9opolitique du Monde Contemporain"},"content":{"rendered":"\t\t<div data-elementor-type=\"wp-post\" data-elementor-id=\"4776\" class=\"elementor elementor-4776\">\n\t\t\t\t\t\t<section class=\"elementor-section elementor-top-section elementor-element elementor-element-6e4ce72 elementor-section-boxed elementor-section-height-default elementor-section-height-default\" data-id=\"6e4ce72\" data-element_type=\"section\" data-e-type=\"section\">\n\t\t\t\t\t\t<div class=\"elementor-container elementor-column-gap-default\">\n\t\t\t\t\t<div class=\"elementor-column elementor-col-100 elementor-top-column elementor-element elementor-element-97668d7\" data-id=\"97668d7\" data-element_type=\"column\" data-e-type=\"column\">\n\t\t\t<div class=\"elementor-widget-wrap\">\n\t\t\t\t\t\t\t<\/div>\n\t\t<\/div>\n\t\t\t\t\t<\/div>\n\t\t<\/section>\n\t\t\t\t<section class=\"elementor-section elementor-top-section elementor-element elementor-element-34826ae elementor-section-boxed elementor-section-height-default elementor-section-height-default\" data-id=\"34826ae\" data-element_type=\"section\" data-e-type=\"section\">\n\t\t\t\t\t\t<div class=\"elementor-container elementor-column-gap-default\">\n\t\t\t\t\t<div class=\"elementor-column elementor-col-100 elementor-top-column elementor-element elementor-element-f441ce0\" data-id=\"f441ce0\" data-element_type=\"column\" data-e-type=\"column\">\n\t\t\t<div class=\"elementor-widget-wrap elementor-element-populated\">\n\t\t\t\t\t\t<div class=\"elementor-element elementor-element-4760927 elementor-widget elementor-widget-image\" data-id=\"4760927\" data-element_type=\"widget\" data-e-type=\"widget\" data-widget_type=\"image.default\">\n\t\t\t\t<div class=\"elementor-widget-container\">\n\t\t\t\t\t\t\t\t\t\t\t\t\t\t\t<img fetchpriority=\"high\" decoding=\"async\" width=\"702\" height=\"873\" src=\"https:\/\/www.notredamedesion.fr\/lycee\/wp-content\/uploads\/2025\/12\/ECG-article-geopo.png\" class=\"attachment-large size-large wp-image-4918\" alt=\"\" srcset=\"https:\/\/www.notredamedesion.fr\/lycee\/wp-content\/uploads\/2025\/12\/ECG-article-geopo.png 702w, https:\/\/www.notredamedesion.fr\/lycee\/wp-content\/uploads\/2025\/12\/ECG-article-geopo-402x500.png 402w\" sizes=\"(max-width: 702px) 85vw, 702px\" \/>\t\t\t\t\t\t\t\t\t\t\t\t\t\t\t<\/div>\n\t\t\t\t<\/div>\n\t\t\t\t\t<\/div>\n\t\t<\/div>\n\t\t\t\t\t<\/div>\n\t\t<\/section>\n\t\t\t\t<section class=\"elementor-section elementor-top-section elementor-element elementor-element-9fb1dd5 elementor-section-boxed elementor-section-height-default elementor-section-height-default\" data-id=\"9fb1dd5\" data-element_type=\"section\" data-e-type=\"section\">\n\t\t\t\t\t\t<div class=\"elementor-container elementor-column-gap-default\">\n\t\t\t\t\t<div class=\"elementor-column elementor-col-100 elementor-top-column elementor-element elementor-element-4f80a0d\" data-id=\"4f80a0d\" data-element_type=\"column\" data-e-type=\"column\">\n\t\t\t<div class=\"elementor-widget-wrap elementor-element-populated\">\n\t\t\t\t\t\t<div class=\"elementor-element elementor-element-9971f39 elementor-widget elementor-widget-heading\" data-id=\"9971f39\" data-element_type=\"widget\" data-e-type=\"widget\" data-widget_type=\"heading.default\">\n\t\t\t\t<div class=\"elementor-widget-container\">\n\t\t\t\t\t<h1 class=\"elementor-heading-title elementor-size-default\">HISTOIRE GEOGRAPHIE GEOPOLITIQUE DU MONDE CONTEMPORAIN<\/h1>\t\t\t\t<\/div>\n\t\t\t\t<\/div>\n\t\t\t\t<div class=\"elementor-element elementor-element-06c59fc elementor-widget elementor-widget-spacer\" data-id=\"06c59fc\" data-element_type=\"widget\" data-e-type=\"widget\" data-widget_type=\"spacer.default\">\n\t\t\t\t<div class=\"elementor-widget-container\">\n\t\t\t\t\t\t\t<div class=\"elementor-spacer\">\n\t\t\t<div class=\"elementor-spacer-inner\"><\/div>\n\t\t<\/div>\n\t\t\t\t\t\t<\/div>\n\t\t\t\t<\/div>\n\t\t\t\t<div class=\"elementor-element elementor-element-e1d2b20 elementor-widget elementor-widget-testimonial\" data-id=\"e1d2b20\" data-element_type=\"widget\" data-e-type=\"widget\" data-widget_type=\"testimonial.default\">\n\t\t\t\t<div class=\"elementor-widget-container\">\n\t\t\t\t\t\t\t<div class=\"elementor-testimonial-wrapper\">\n\t\t\t\t\t\t\t<div class=\"elementor-testimonial-content\">\u201cL\u2019analyse g\u00e9opolitique est aussi un moyen de conjurer des guerres ou de trouver une solution \u00e0 certains conflits.\u201d<\/div>\n\t\t\t\n\t\t\t\t\t\t<div class=\"elementor-testimonial-meta elementor-has-image elementor-testimonial-image-position-aside\">\n\t\t\t\t<div class=\"elementor-testimonial-meta-inner\">\n\t\t\t\t\t\t\t\t\t\t\t<div class=\"elementor-testimonial-image\">\n\t\t\t\t\t\t\t<img decoding=\"async\" width=\"1920\" height=\"2560\" src=\"https:\/\/www.notredamedesion.fr\/lycee\/wp-content\/uploads\/2025\/10\/Yves_Lacoste-scaled.jpg\" class=\"attachment-full size-full wp-image-4364\" alt=\"\" srcset=\"https:\/\/www.notredamedesion.fr\/lycee\/wp-content\/uploads\/2025\/10\/Yves_Lacoste-scaled.jpg 1920w, https:\/\/www.notredamedesion.fr\/lycee\/wp-content\/uploads\/2025\/10\/Yves_Lacoste-375x500.jpg 375w, https:\/\/www.notredamedesion.fr\/lycee\/wp-content\/uploads\/2025\/10\/Yves_Lacoste-768x1024.jpg 768w, https:\/\/www.notredamedesion.fr\/lycee\/wp-content\/uploads\/2025\/10\/Yves_Lacoste-1152x1536.jpg 1152w, https:\/\/www.notredamedesion.fr\/lycee\/wp-content\/uploads\/2025\/10\/Yves_Lacoste-1536x2048.jpg 1536w, https:\/\/www.notredamedesion.fr\/lycee\/wp-content\/uploads\/2025\/10\/Yves_Lacoste-1200x1600.jpg 1200w\" sizes=\"(max-width: 709px) 85vw, (max-width: 909px) 67vw, (max-width: 1362px) 62vw, 840px\" \/>\t\t\t\t\t\t<\/div>\n\t\t\t\t\t\n\t\t\t\t\t\t\t\t\t\t<div class=\"elementor-testimonial-details\">\n\t\t\t\t\t\t\t\t\t\t\t\t\t\t<div class=\"elementor-testimonial-name\">Yves LACOSTE<\/div>\n\t\t\t\t\t\t\t\t\t\t\t\t\t\t\t\t\t\t\t<\/div>\n\t\t\t\t\t\t\t\t\t<\/div>\n\t\t\t<\/div>\n\t\t\t\t\t<\/div>\n\t\t\t\t\t\t<\/div>\n\t\t\t\t<\/div>\n\t\t\t\t<div class=\"elementor-element elementor-element-555f101 elementor-widget elementor-widget-text-editor\" data-id=\"555f101\" data-element_type=\"widget\" data-e-type=\"widget\" data-widget_type=\"text-editor.default\">\n\t\t\t\t<div class=\"elementor-widget-container\">\n\t\t\t\t\t\t\t\t\t<p><em>Dans la continuit\u00e9 des programmes du lyc\u00e9e, l\u2019HGGMC propose de d\u00e9velopper votre r\u00e9flexion autour <strong>de l\u2019\u00e9tude des rapports de force entre les soci\u00e9t\u00e9s et les individus sur les territoires.<\/strong><\/em><\/p><p><strong>Le programme<\/strong><\/p><p><em>Toujours en lien <strong>avec l\u2019actualit\u00e9 et les grands \u00e9v\u00e9nements du monde<\/strong>, le programme\u00a0est organis\u00e9 en quatre modules r\u00e9partis sur les deux ann\u00e9es\u00a0:<\/em><\/p><p><em>En premi\u00e8re ann\u00e9e, apr\u00e8s\u00a0<strong>une introduction \u00e0 la g\u00e9opolitique et aux relations internationales<\/strong>, les deux premiers modules dressent\u00a0<strong>un panorama du XX\u00e8me si\u00e8cle et du d\u00e9but du XXIe si\u00e8cle<\/strong>\u00a0sous <strong>l\u2019angle g\u00e9opolitique et \u00e9conomique<\/strong>. Ils fixent les principaux rep\u00e8res historiques n\u00e9cessaires \u00e0 la compr\u00e9hension du monde contemporain. Ils sont centr\u00e9s sur l\u2019analyse d\u2019un monde en mutations, de la veille de la Premi\u00e8re Guerre mondiale \u00e0 la <strong>mondialisation contemporaine<\/strong>. Une place toute particuli\u00e8re est accord\u00e9e \u00e0 l\u2019\u00e9tude de <strong>la France<\/strong>.<\/em><\/p><p><em><br \/>En deuxi\u00e8me ann\u00e9e les modules privil\u00e9gient une approche synth\u00e9tique de\u00a0<strong>la g\u00e9opolitique des aires r\u00e9gionales et des continents<\/strong>. Ainsi, dans le module III seront \u00e9tudi\u00e9s <strong>l\u2019Union europ\u00e9enne, l\u2019Europe et le monde<\/strong> puis <strong>le continent africain, le Proche et le Moyen-Orient<\/strong>. Le module IV se focalisera sur la g\u00e9odynamique continentale des <strong>Am\u00e9riques<\/strong> et de <strong>l\u2019Asie.<\/strong><\/em><\/p><p><em>Par une entr\u00e9e historique et spatiale, vous d\u00e9couvrirez les enjeux qui se dessinent dans notre monde et\u00a0<strong>forgerez des outils qui sont indispensables pour r\u00e9ussir votre cursus en Grande Ecole, et pour votre vie professionnelle en tant que d\u00e9cideur<\/strong>.<\/em><\/p><p><strong><em>Les \u00e9preuves d\u2019HGG<\/em><\/strong><\/p><p><em>Cette discipline joue dans les concours un r\u00f4le de premier plan. L\u2019\u00e9preuve \u00e9crite est une <strong>dissertation <\/strong>accompagn\u00e9e, selon les concours, de <strong>documents<\/strong> ou de <strong>questions de pr\u00e9paration<\/strong>. Elle dure <strong>4 heures<\/strong>.<\/em><\/p><p><em>Vous vous pr\u00e9parerez \u00e0 partir du travail fait en classe (cours magistraux, travail collaboratif, \u00e9crit et oral), d\u2019un suivi de l\u2019actualit\u00e9 en lisant les journaux, des revues et magazines sp\u00e9cialis\u00e9s.<\/em><\/p><p><em>\u00a0<\/em><\/p><p><em>Bien plus qu\u2019un exercice acad\u00e9mique, l\u2019\u00e9preuve d\u2019HGGMC permettra de mesurer votre ouverture aux autres et aux probl\u00e8mes humains, ainsi que d\u2019\u00e9valuer votre capacit\u00e9 \u00e0 faire le lien entre un probl\u00e8me pos\u00e9 par un sujet et votre culture.<\/em><\/p><p><strong><em>Deux banques d\u2019\u00e9preuves et trois types d\u2019\u00e9preuves :<\/em><\/strong><\/p><p><em>\u00a0<\/em><\/p><p><strong><em>Pour BCE<\/em><\/strong><\/p><p><strong><em>Le sujet de l\u2019ESCP<\/em><\/strong><em> utilis\u00e9 par les \u00e9coles comme HEC, ESCP, EM Lyon par exemple est trait\u00e9 sous la forme d\u2019une dissertation. Il est accompagn\u00e9 de quelques documents d\u2019accompagnement (cartes, statistiques).<\/em><\/p><p><strong><em>Le sujet ESSEC<\/em><\/strong><em> utilis\u00e9 par ESSEC et EDHEC est trait\u00e9 sous la forme d\u2019une dissertation. Il est aussi accompagn\u00e9 de quelques documents (cartes, statistiques, articles scientifiques).<\/em><\/p><p><strong><em>Pour ECRICOME<\/em><\/strong><\/p><p><em>Deux sujets au choix \u00e0 traiter sous la forme de dissertation avec une premi\u00e8re partie compos\u00e9e de questions de pr\u00e9paration. Le sujet est accompagn\u00e9 de deux documents (cartes, statistiques). <\/em><\/p>\t\t\t\t\t\t\t\t<\/div>\n\t\t\t\t<\/div>\n\t\t\t\t<div class=\"elementor-element elementor-element-4ab6b17 elementor-widget elementor-widget-spacer\" data-id=\"4ab6b17\" data-element_type=\"widget\" data-e-type=\"widget\" data-widget_type=\"spacer.default\">\n\t\t\t\t<div class=\"elementor-widget-container\">\n\t\t\t\t\t\t\t<div class=\"elementor-spacer\">\n\t\t\t<div class=\"elementor-spacer-inner\"><\/div>\n\t\t<\/div>\n\t\t\t\t\t\t<\/div>\n\t\t\t\t<\/div>\n\t\t\t\t\t<\/div>\n\t\t<\/div>\n\t\t\t\t\t<\/div>\n\t\t<\/section>\n\t\t\t\t<\/div>\n\t\t","protected":false},"excerpt":{"rendered":"<p>HISTOIRE GEOGRAPHIE GEOPOLITIQUE DU MONDE CONTEMPORAIN \u201cL\u2019analyse g\u00e9opolitique est aussi un moyen de conjurer des guerres ou de trouver une solution \u00e0 certains conflits.\u201d Yves LACOSTE Dans la continuit\u00e9 des programmes du lyc\u00e9e, l\u2019HGGMC propose de d\u00e9velopper votre r\u00e9flexion autour de l\u2019\u00e9tude des rapports de force entre les soci\u00e9t\u00e9s et les individus sur les territoires. &hellip; <a href=\"https:\/\/www.notredamedesion.fr\/lycee\/prepa-ecg\/disciplines\/histoire-geographie-geopolitique-du-monde-contemporain\/\" class=\"more-link\">Continue reading<span class=\"screen-reader-text\"> \u00ab\u00a0Histoire G\u00e9ographie G\u00e9opolitique du Monde Contemporain\u00a0\u00bb<\/span><\/a><\/p>\n","protected":false},"author":3,"featured_media":0,"parent":3807,"menu_order":32,"comment_status":"closed","ping_status":"closed","template":"elementor_header_footer","meta":{"sfsi_plus_gutenberg_text_before_share":"","sfsi_plus_gutenberg_show_text_before_share":"","sfsi_plus_gutenberg_icon_type":"","sfsi_plus_gutenberg_icon_alignemt":"","sfsi_plus_gutenburg_max_per_row":"","footnotes":""},"class_list":["post-4776","page","type-page","status-publish","hentry"],"_links":{"self":[{"href":"https:\/\/www.notredamedesion.fr\/lycee\/wp-json\/wp\/v2\/pages\/4776","targetHints":{"allow":["GET"]}}],"collection":[{"href":"https:\/\/www.notredamedesion.fr\/lycee\/wp-json\/wp\/v2\/pages"}],"about":[{"href":"https:\/\/www.notredamedesion.fr\/lycee\/wp-json\/wp\/v2\/types\/page"}],"author":[{"embeddable":true,"href":"https:\/\/www.notredamedesion.fr\/lycee\/wp-json\/wp\/v2\/users\/3"}],"replies":[{"embeddable":true,"href":"https:\/\/www.notredamedesion.fr\/lycee\/wp-json\/wp\/v2\/comments?post=4776"}],"version-history":[{"count":9,"href":"https:\/\/www.notredamedesion.fr\/lycee\/wp-json\/wp\/v2\/pages\/4776\/revisions"}],"predecessor-version":[{"id":4930,"href":"https:\/\/www.notredamedesion.fr\/lycee\/wp-json\/wp\/v2\/pages\/4776\/revisions\/4930"}],"up":[{"embeddable":true,"href":"https:\/\/www.notredamedesion.fr\/lycee\/wp-json\/wp\/v2\/pages\/3807"}],"wp:attachment":[{"href":"https:\/\/www.notredamedesion.fr\/lycee\/wp-json\/wp\/v2\/media?parent=4776"}],"curies":[{"name":"wp","href":"https:\/\/api.w.org\/{rel}","templated":true}]}}