{"id":4481,"date":"2025-10-24T13:42:46","date_gmt":"2025-10-24T12:42:46","guid":{"rendered":"https:\/\/www.notredamedesion.fr\/lycee\/?page_id=4481"},"modified":"2025-10-24T13:43:20","modified_gmt":"2025-10-24T12:43:20","slug":"convention","status":"publish","type":"page","link":"https:\/\/www.notredamedesion.fr\/lycee\/prepa_mpsi_mp\/presentation\/convention\/","title":{"rendered":"Convention"},"content":{"rendered":"\t\t<div data-elementor-type=\"wp-post\" data-elementor-id=\"4481\" class=\"elementor elementor-4481\">\n\t\t\t\t\t\t<section class=\"elementor-section elementor-top-section elementor-element elementor-element-51ef4b7 elementor-section-stretched lt-services elementor-section-boxed elementor-section-height-default elementor-section-height-default\" data-id=\"51ef4b7\" data-element_type=\"section\" data-e-type=\"section\" data-settings=\"{&quot;stretch_section&quot;:&quot;section-stretched&quot;,&quot;background_background&quot;:&quot;classic&quot;,&quot;shape_divider_bottom&quot;:&quot;tilt&quot;}\">\n\t\t\t\t\t<div class=\"elementor-shape elementor-shape-bottom\" aria-hidden=\"true\" data-negative=\"false\">\n\t\t\t<svg xmlns=\"http:\/\/www.w3.org\/2000\/svg\" viewBox=\"0 0 1000 100\" preserveAspectRatio=\"none\">\n\t<path class=\"elementor-shape-fill\" d=\"M0,6V0h1000v100L0,6z\"\/>\n<\/svg>\t\t<\/div>\n\t\t\t\t\t<div class=\"elementor-container elementor-column-gap-default\">\n\t\t\t\t\t<div class=\"elementor-column elementor-col-100 elementor-top-column elementor-element elementor-element-4435425\" data-id=\"4435425\" data-element_type=\"column\" data-e-type=\"column\">\n\t\t\t<div class=\"elementor-widget-wrap\">\n\t\t\t\t\t\t\t<\/div>\n\t\t<\/div>\n\t\t\t\t\t<\/div>\n\t\t<\/section>\n\t\t\t\t<section class=\"elementor-section elementor-top-section elementor-element elementor-element-64fd299 elementor-section-boxed elementor-section-height-default elementor-section-height-default\" data-id=\"64fd299\" data-element_type=\"section\" data-e-type=\"section\">\n\t\t\t\t\t\t<div class=\"elementor-container elementor-column-gap-default\">\n\t\t\t\t\t<div class=\"elementor-column elementor-col-100 elementor-top-column elementor-element elementor-element-b8e7ca1\" data-id=\"b8e7ca1\" data-element_type=\"column\" data-e-type=\"column\">\n\t\t\t<div class=\"elementor-widget-wrap elementor-element-populated\">\n\t\t\t\t\t\t<div class=\"elementor-element elementor-element-5d7d3c1 elementor-widget elementor-widget-heading\" data-id=\"5d7d3c1\" data-element_type=\"widget\" data-e-type=\"widget\" data-widget_type=\"heading.default\">\n\t\t\t\t<div class=\"elementor-widget-container\">\n\t\t\t\t\t<h1 class=\"elementor-heading-title elementor-size-default\">CONVENTION<\/h1>\t\t\t\t<\/div>\n\t\t\t\t<\/div>\n\t\t\t\t\t<\/div>\n\t\t<\/div>\n\t\t\t\t\t<\/div>\n\t\t<\/section>\n\t\t\t\t<section class=\"elementor-section elementor-top-section elementor-element elementor-element-7c9da77 elementor-section-boxed elementor-section-height-default elementor-section-height-default\" data-id=\"7c9da77\" data-element_type=\"section\" data-e-type=\"section\">\n\t\t\t\t\t\t<div class=\"elementor-container elementor-column-gap-default\">\n\t\t\t\t\t<div class=\"elementor-column elementor-col-100 elementor-top-column elementor-element elementor-element-4c7a0db\" data-id=\"4c7a0db\" data-element_type=\"column\" data-e-type=\"column\">\n\t\t\t<div class=\"elementor-widget-wrap elementor-element-populated\">\n\t\t\t\t\t\t<div class=\"elementor-element elementor-element-b2634b3 elementor-widget elementor-widget-spacer\" data-id=\"b2634b3\" data-element_type=\"widget\" data-e-type=\"widget\" data-widget_type=\"spacer.default\">\n\t\t\t\t<div class=\"elementor-widget-container\">\n\t\t\t\t\t\t\t<div class=\"elementor-spacer\">\n\t\t\t<div class=\"elementor-spacer-inner\"><\/div>\n\t\t<\/div>\n\t\t\t\t\t\t<\/div>\n\t\t\t\t<\/div>\n\t\t\t\t\t<\/div>\n\t\t<\/div>\n\t\t\t\t\t<\/div>\n\t\t<\/section>\n\t\t\t\t<section class=\"elementor-section elementor-top-section elementor-element elementor-element-f96efa6 elementor-section-boxed elementor-section-height-default elementor-section-height-default\" data-id=\"f96efa6\" data-element_type=\"section\" data-e-type=\"section\">\n\t\t\t\t\t\t<div class=\"elementor-container elementor-column-gap-default\">\n\t\t\t\t\t<div class=\"elementor-column elementor-col-100 elementor-top-column elementor-element elementor-element-9f6059c\" data-id=\"9f6059c\" data-element_type=\"column\" data-e-type=\"column\">\n\t\t\t<div class=\"elementor-widget-wrap elementor-element-populated\">\n\t\t\t\t\t\t<div class=\"elementor-element elementor-element-274a8e8 elementor-widget elementor-widget-text-editor\" data-id=\"274a8e8\" data-element_type=\"widget\" data-e-type=\"widget\" data-widget_type=\"text-editor.default\">\n\t\t\t\t<div class=\"elementor-widget-container\">\n\t\t\t\t\t\t\t\t\t<h2>Vous trouverez au t\u00e9l\u00e9chargement la convention sign\u00e9e avec l&rsquo;universit\u00e9 partenaire.<\/h2><h2><a href=\"http:\/\/www.notredamedesion.fr\/wp-content\/uploads\/2025\/09\/20250910132546941.pdf\">Lien<\/a> avec la convention\u00a0entre le lyc\u00e9e et l&rsquo;Universit\u00e9 d&rsquo;Aix-Marseille.<\/h2><p>\u00a0<\/p><h2>Convention entre le lyc\u00e9e et l&rsquo;ICAM Strasbourg.<\/h2><p>\u00a0<\/p><div>Nous avons finalis\u00e9 et sign\u00e9 une convention avec l&rsquo;ICAM Strasbourg.\u00a0<\/div><div>\u00a0<\/div><div>A l&rsquo;issue de leur premi\u00e8re ann\u00e9e de classe pr\u00e9paratoire, les \u00e9l\u00e8ves auront le choix entre poursuivre un cursus classique avec des concours \u00e0 la cl\u00e9 de leur 2e ann\u00e9e ou alors continuer une deuxi\u00e8me ann\u00e9e chez nous, en contr\u00f4le continu, et int\u00e9grer l&rsquo;ICAM Strasbourg. Pour des \u00e9l\u00e8ves qui h\u00e9sitent entre une classe pr\u00e9paratoire et une pr\u00e9pa int\u00e9gr\u00e9e, cela peut leur donner une ann\u00e9e de r\u00e9flexion.<\/div><div>Vous trouverez au t\u00e9l\u00e9chargement la convention sign\u00e9e avec l&rsquo;ICAM: <a href=\"http:\/\/www.notredamedesion.fr\/wp-content\/uploads\/2020\/04\/IMG_20200326_0001.pdf\">page 1<\/a>, <a href=\"http:\/\/www.notredamedesion.fr\/wp-content\/uploads\/2020\/04\/IMG_20200326_0002.pdf\">page 2<\/a>, <a href=\"http:\/\/www.notredamedesion.fr\/wp-content\/uploads\/2020\/04\/IMG_20200326_0003.pdf\">page 3<\/a>, <a href=\"http:\/\/www.notredamedesion.fr\/wp-content\/uploads\/2020\/04\/IMG_20200326_0004.pdf\">page 4<\/a>, <a href=\"http:\/\/www.notredamedesion.fr\/wp-content\/uploads\/2020\/04\/IMG_20200326_0005.pdf\">page 5<\/a>.<\/div>\t\t\t\t\t\t\t\t<\/div>\n\t\t\t\t<\/div>\n\t\t\t\t<div class=\"elementor-element elementor-element-c45b4b0 elementor-widget elementor-widget-image\" data-id=\"c45b4b0\" data-element_type=\"widget\" data-e-type=\"widget\" data-widget_type=\"image.default\">\n\t\t\t\t<div class=\"elementor-widget-container\">\n\t\t\t\t\t\t\t\t\t\t\t\t\t\t\t<img fetchpriority=\"high\" decoding=\"async\" width=\"300\" height=\"347\" src=\"https:\/\/www.notredamedesion.fr\/lycee\/wp-content\/uploads\/2023\/06\/DL_07_Classe_Prepa-2.png\" class=\"attachment-large size-large wp-image-2012\" alt=\"\" \/>\t\t\t\t\t\t\t\t\t\t\t\t\t\t\t<\/div>\n\t\t\t\t<\/div>\n\t\t\t\t<div class=\"elementor-element elementor-element-0a04b6a elementor-widget elementor-widget-spacer\" data-id=\"0a04b6a\" data-element_type=\"widget\" data-e-type=\"widget\" data-widget_type=\"spacer.default\">\n\t\t\t\t<div class=\"elementor-widget-container\">\n\t\t\t\t\t\t\t<div class=\"elementor-spacer\">\n\t\t\t<div class=\"elementor-spacer-inner\"><\/div>\n\t\t<\/div>\n\t\t\t\t\t\t<\/div>\n\t\t\t\t<\/div>\n\t\t\t\t\t<\/div>\n\t\t<\/div>\n\t\t\t\t\t<\/div>\n\t\t<\/section>\n\t\t\t\t<\/div>\n\t\t","protected":false},"excerpt":{"rendered":"<p>CONVENTION Vous trouverez au t\u00e9l\u00e9chargement la convention sign\u00e9e avec l&rsquo;universit\u00e9 partenaire. Lien avec la convention\u00a0entre le lyc\u00e9e et l&rsquo;Universit\u00e9 d&rsquo;Aix-Marseille. \u00a0 Convention entre le lyc\u00e9e et l&rsquo;ICAM Strasbourg. \u00a0 Nous avons finalis\u00e9 et sign\u00e9 une convention avec l&rsquo;ICAM Strasbourg.\u00a0\u00a0A l&rsquo;issue de leur premi\u00e8re ann\u00e9e de classe pr\u00e9paratoire, les \u00e9l\u00e8ves auront le choix entre poursuivre un &hellip; <a href=\"https:\/\/www.notredamedesion.fr\/lycee\/prepa_mpsi_mp\/presentation\/convention\/\" class=\"more-link\">Continue reading<span class=\"screen-reader-text\"> \u00ab\u00a0Convention\u00a0\u00bb<\/span><\/a><\/p>\n","protected":false},"author":3,"featured_media":0,"parent":4446,"menu_order":4,"comment_status":"closed","ping_status":"closed","template":"elementor_header_footer","meta":{"sfsi_plus_gutenberg_text_before_share":"","sfsi_plus_gutenberg_show_text_before_share":"","sfsi_plus_gutenberg_icon_type":"","sfsi_plus_gutenberg_icon_alignemt":"","sfsi_plus_gutenburg_max_per_row":"","footnotes":""},"class_list":["post-4481","page","type-page","status-publish","hentry"],"_links":{"self":[{"href":"https:\/\/www.notredamedesion.fr\/lycee\/wp-json\/wp\/v2\/pages\/4481","targetHints":{"allow":["GET"]}}],"collection":[{"href":"https:\/\/www.notredamedesion.fr\/lycee\/wp-json\/wp\/v2\/pages"}],"about":[{"href":"https:\/\/www.notredamedesion.fr\/lycee\/wp-json\/wp\/v2\/types\/page"}],"author":[{"embeddable":true,"href":"https:\/\/www.notredamedesion.fr\/lycee\/wp-json\/wp\/v2\/users\/3"}],"replies":[{"embeddable":true,"href":"https:\/\/www.notredamedesion.fr\/lycee\/wp-json\/wp\/v2\/comments?post=4481"}],"version-history":[{"count":4,"href":"https:\/\/www.notredamedesion.fr\/lycee\/wp-json\/wp\/v2\/pages\/4481\/revisions"}],"predecessor-version":[{"id":4485,"href":"https:\/\/www.notredamedesion.fr\/lycee\/wp-json\/wp\/v2\/pages\/4481\/revisions\/4485"}],"up":[{"embeddable":true,"href":"https:\/\/www.notredamedesion.fr\/lycee\/wp-json\/wp\/v2\/pages\/4446"}],"wp:attachment":[{"href":"https:\/\/www.notredamedesion.fr\/lycee\/wp-json\/wp\/v2\/media?parent=4481"}],"curies":[{"name":"wp","href":"https:\/\/api.w.org\/{rel}","templated":true}]}}

<div data-elementor-type="wp-post" data-elementor-id="4481" class="elementor elementor-4481">
						<section class="elementor-section elementor-top-section elementor-element elementor-element-51ef4b7 elementor-section-stretched lt-services elementor-section-boxed elementor-section-height-default elementor-section-height-default" data-id="51ef4b7" data-element_type="section" data-e-type="section" data-settings="{&quot;stretch_section&quot;:&quot;section-stretched&quot;,&quot;background_background&quot;:&quot;classic&quot;,&quot;shape_divider_bottom&quot;:&quot;tilt&quot;}">
					<div class="elementor-shape elementor-shape-bottom" aria-hidden="true" data-negative="false">
			<svg xmlns="http://www.w3.org/2000/svg" viewBox="0 0 1000 100" preserveAspectRatio="none">
	<path class="elementor-shape-fill" d="M0,6V0h1000v100L0,6z"/>
</svg>		</div>
					<div class="elementor-container elementor-column-gap-default">
					<div class="elementor-column elementor-col-100 elementor-top-column elementor-element elementor-element-4435425" data-id="4435425" data-element_type="column" data-e-type="column">
			<div class="elementor-widget-wrap">
							</div>
		</div>
					</div>
		</section>
				<section class="elementor-section elementor-top-section elementor-element elementor-element-64fd299 elementor-section-boxed elementor-section-height-default elementor-section-height-default" data-id="64fd299" data-element_type="section" data-e-type="section">
						<div class="elementor-container elementor-column-gap-default">
					<div class="elementor-column elementor-col-100 elementor-top-column elementor-element elementor-element-b8e7ca1" data-id="b8e7ca1" data-element_type="column" data-e-type="column">
			<div class="elementor-widget-wrap elementor-element-populated">
						<div class="elementor-element elementor-element-5d7d3c1 elementor-widget elementor-widget-heading" data-id="5d7d3c1" data-element_type="widget" data-e-type="widget" data-widget_type="heading.default">
				<div class="elementor-widget-container">
					<h1 class="elementor-heading-title elementor-size-default">CONVENTION</h1>				</div>
				</div>
					</div>
		</div>
					</div>
		</section>
				<section class="elementor-section elementor-top-section elementor-element elementor-element-7c9da77 elementor-section-boxed elementor-section-height-default elementor-section-height-default" data-id="7c9da77" data-element_type="section" data-e-type="section">
						<div class="elementor-container elementor-column-gap-default">
					<div class="elementor-column elementor-col-100 elementor-top-column elementor-element elementor-element-4c7a0db" data-id="4c7a0db" data-element_type="column" data-e-type="column">
			<div class="elementor-widget-wrap elementor-element-populated">
						<div class="elementor-element elementor-element-b2634b3 elementor-widget elementor-widget-spacer" data-id="b2634b3" data-element_type="widget" data-e-type="widget" data-widget_type="spacer.default">
				<div class="elementor-widget-container">
							<div class="elementor-spacer">
			<div class="elementor-spacer-inner"></div>
		</div>
						</div>
				</div>
					</div>
		</div>
					</div>
		</section>
				<section class="elementor-section elementor-top-section elementor-element elementor-element-f96efa6 elementor-section-boxed elementor-section-height-default elementor-section-height-default" data-id="f96efa6" data-element_type="section" data-e-type="section">
						<div class="elementor-container elementor-column-gap-default">
					<div class="elementor-column elementor-col-100 elementor-top-column elementor-element elementor-element-9f6059c" data-id="9f6059c" data-element_type="column" data-e-type="column">
			<div class="elementor-widget-wrap elementor-element-populated">
						<div class="elementor-element elementor-element-274a8e8 elementor-widget elementor-widget-text-editor" data-id="274a8e8" data-element_type="widget" data-e-type="widget" data-widget_type="text-editor.default">
				<div class="elementor-widget-container">
									<h2>Vous trouverez au téléchargement la convention signée avec l&rsquo;université partenaire.</h2><h2><a href="http://www.notredamedesion.fr/wp-content/uploads/2025/09/20250910132546941.pdf">Lien</a> avec la convention entre le lycée et l&rsquo;Université d&rsquo;Aix-Marseille.</h2><p> </p><h2>Convention entre le lycée et l&rsquo;ICAM Strasbourg.</h2><p> </p><div>Nous avons finalisé et signé une convention avec l&rsquo;ICAM Strasbourg. </div><div> </div><div>A l&rsquo;issue de leur première année de classe préparatoire, les élèves auront le choix entre poursuivre un cursus classique avec des concours à la clé de leur 2e année ou alors continuer une deuxième année chez nous, en contrôle continu, et intégrer l&rsquo;ICAM Strasbourg. Pour des élèves qui hésitent entre une classe préparatoire et une prépa intégrée, cela peut leur donner une année de réflexion.</div><div>Vous trouverez au téléchargement la convention signée avec l&rsquo;ICAM: <a href="http://www.notredamedesion.fr/wp-content/uploads/2020/04/IMG_20200326_0001.pdf">page 1</a>, <a href="http://www.notredamedesion.fr/wp-content/uploads/2020/04/IMG_20200326_0002.pdf">page 2</a>, <a href="http://www.notredamedesion.fr/wp-content/uploads/2020/04/IMG_20200326_0003.pdf">page 3</a>, <a href="http://www.notredamedesion.fr/wp-content/uploads/2020/04/IMG_20200326_0004.pdf">page 4</a>, <a href="http://www.notredamedesion.fr/wp-content/uploads/2020/04/IMG_20200326_0005.pdf">page 5</a>.</div>								</div>
				</div>
				<div class="elementor-element elementor-element-c45b4b0 elementor-widget elementor-widget-image" data-id="c45b4b0" data-element_type="widget" data-e-type="widget" data-widget_type="image.default">
				<div class="elementor-widget-container">
															<img fetchpriority="high" decoding="async" width="300" height="347" src="https://www.notredamedesion.fr/lycee/wp-content/uploads/2023/06/DL_07_Classe_Prepa-2.png" class="attachment-large size-large wp-image-2012" alt="" />															</div>
				</div>
				<div class="elementor-element elementor-element-0a04b6a elementor-widget elementor-widget-spacer" data-id="0a04b6a" data-element_type="widget" data-e-type="widget" data-widget_type="spacer.default">
				<div class="elementor-widget-container">
							<div class="elementor-spacer">
			<div class="elementor-spacer-inner"></div>
		</div>
						</div>
				</div>
					</div>
		</div>
					</div>
		</section>
				</div>

<p>CONVENTION Vous trouverez au téléchargement la convention signée avec l&rsquo;université partenaire. Lien avec la convention entre le lycée et l&rsquo;Université d&rsquo;Aix-Marseille.   Convention entre le lycée et l&rsquo;ICAM Strasbourg.   Nous avons finalisé et signé une convention avec l&rsquo;ICAM Strasbourg.  A l&rsquo;issue de leur première année de classe préparatoire, les élèves auront le choix entre poursuivre un &hellip; <a href="https://www.notredamedesion.fr/lycee/prepa_mpsi_mp/presentation/convention/" class="more-link">Continue reading<span class="screen-reader-text"> « Convention »</span></a></p>
