{"id":3328,"date":"2025-09-20T12:27:13","date_gmt":"2025-09-20T11:27:13","guid":{"rendered":"https:\/\/www.notredamedesion.fr\/lycee\/?page_id=3328"},"modified":"2025-12-17T14:50:09","modified_gmt":"2025-12-17T13:50:09","slug":"cdi","status":"publish","type":"page","link":"https:\/\/www.notredamedesion.fr\/lycee\/cdi\/","title":{"rendered":"CDI"},"content":{"rendered":"\t\t<div data-elementor-type=\"wp-post\" data-elementor-id=\"3328\" class=\"elementor elementor-3328\">\n\t\t\t\t\t\t<section class=\"elementor-section elementor-top-section elementor-element elementor-element-51ef4b7 elementor-section-stretched lt-services elementor-section-boxed elementor-section-height-default elementor-section-height-default\" data-id=\"51ef4b7\" data-element_type=\"section\" data-e-type=\"section\" data-settings=\"{&quot;stretch_section&quot;:&quot;section-stretched&quot;,&quot;background_background&quot;:&quot;classic&quot;,&quot;shape_divider_bottom&quot;:&quot;tilt&quot;}\">\n\t\t\t\t\t<div class=\"elementor-shape elementor-shape-bottom\" aria-hidden=\"true\" data-negative=\"false\">\n\t\t\t<svg xmlns=\"http:\/\/www.w3.org\/2000\/svg\" viewBox=\"0 0 1000 100\" preserveAspectRatio=\"none\">\n\t<path class=\"elementor-shape-fill\" d=\"M0,6V0h1000v100L0,6z\"\/>\n<\/svg>\t\t<\/div>\n\t\t\t\t\t<div class=\"elementor-container elementor-column-gap-default\">\n\t\t\t\t\t<div class=\"elementor-column elementor-col-100 elementor-top-column elementor-element elementor-element-4435425\" data-id=\"4435425\" data-element_type=\"column\" data-e-type=\"column\">\n\t\t\t<div class=\"elementor-widget-wrap\">\n\t\t\t\t\t\t\t<\/div>\n\t\t<\/div>\n\t\t\t\t\t<\/div>\n\t\t<\/section>\n\t\t\t\t<section class=\"elementor-section elementor-top-section elementor-element elementor-element-bf6730f elementor-section-boxed elementor-section-height-default elementor-section-height-default\" data-id=\"bf6730f\" data-element_type=\"section\" data-e-type=\"section\">\n\t\t\t\t\t\t<div class=\"elementor-container elementor-column-gap-default\">\n\t\t\t\t\t<div class=\"elementor-column elementor-col-100 elementor-top-column elementor-element elementor-element-8e110ea\" data-id=\"8e110ea\" data-element_type=\"column\" data-e-type=\"column\">\n\t\t\t<div class=\"elementor-widget-wrap elementor-element-populated\">\n\t\t\t\t\t\t<div class=\"elementor-element elementor-element-ea2fa51 elementor-widget elementor-widget-heading\" data-id=\"ea2fa51\" data-element_type=\"widget\" data-e-type=\"widget\" data-widget_type=\"heading.default\">\n\t\t\t\t<div class=\"elementor-widget-container\">\n\t\t\t\t\t<h1 class=\"elementor-heading-title elementor-size-default\">CENTRE DE DOCUMENTATION ET D'INFORMATION<\/h1>\t\t\t\t<\/div>\n\t\t\t\t<\/div>\n\t\t\t\t<div class=\"elementor-element elementor-element-b8d7a66 elementor-widget elementor-widget-spacer\" data-id=\"b8d7a66\" data-element_type=\"widget\" data-e-type=\"widget\" data-widget_type=\"spacer.default\">\n\t\t\t\t<div class=\"elementor-widget-container\">\n\t\t\t\t\t\t\t<div class=\"elementor-spacer\">\n\t\t\t<div class=\"elementor-spacer-inner\"><\/div>\n\t\t<\/div>\n\t\t\t\t\t\t<\/div>\n\t\t\t\t<\/div>\n\t\t\t\t\t<\/div>\n\t\t<\/div>\n\t\t\t\t\t<\/div>\n\t\t<\/section>\n\t\t\t\t<section class=\"elementor-section elementor-top-section elementor-element elementor-element-132b82b elementor-section-boxed elementor-section-height-default elementor-section-height-default\" data-id=\"132b82b\" data-element_type=\"section\" data-e-type=\"section\">\n\t\t\t\t\t\t<div class=\"elementor-container elementor-column-gap-default\">\n\t\t\t\t\t<div class=\"elementor-column elementor-col-100 elementor-top-column elementor-element elementor-element-bc04ec7\" data-id=\"bc04ec7\" data-element_type=\"column\" data-e-type=\"column\">\n\t\t\t<div class=\"elementor-widget-wrap elementor-element-populated\">\n\t\t\t\t\t\t<div class=\"elementor-element elementor-element-e29eca0 elementor-widget elementor-widget-heading\" data-id=\"e29eca0\" data-element_type=\"widget\" data-e-type=\"widget\" data-widget_type=\"heading.default\">\n\t\t\t\t<div class=\"elementor-widget-container\">\n\t\t\t\t\t<h2 class=\"elementor-heading-title elementor-size-default\">CDI<\/h2>\t\t\t\t<\/div>\n\t\t\t\t<\/div>\n\t\t\t\t<div class=\"elementor-element elementor-element-091c92d elementor-widget elementor-widget-spacer\" data-id=\"091c92d\" data-element_type=\"widget\" data-e-type=\"widget\" data-widget_type=\"spacer.default\">\n\t\t\t\t<div class=\"elementor-widget-container\">\n\t\t\t\t\t\t\t<div class=\"elementor-spacer\">\n\t\t\t<div class=\"elementor-spacer-inner\"><\/div>\n\t\t<\/div>\n\t\t\t\t\t\t<\/div>\n\t\t\t\t<\/div>\n\t\t\t\t<div class=\"elementor-element elementor-element-62d1b1d elementor-widget elementor-widget-text-editor\" data-id=\"62d1b1d\" data-element_type=\"widget\" data-e-type=\"widget\" data-widget_type=\"text-editor.default\">\n\t\t\t\t<div class=\"elementor-widget-container\">\n\t\t\t\t\t\t\t\t\t<p><strong>Le CDI (Centre de Documentation et d\u2019Information) est un lieu ouvert \u00e0 tous pour \u00e9tudier, lire, s\u2019informer, participer \u00e0 des projets culturels.<\/strong><\/p><p>Sous la responsabilit\u00e9 de Madame HANET, professeure documentaliste, cet espace met \u00e0 disposition une biblioth\u00e8que rassemblant tous types de documents (fictions, BD, documentaires, p\u00e9riodiques, DVD) pouvant \u00eatre emprunt\u00e9s, un coin lecture, ainsi que des postes informatiques. Il est situ\u00e9 provisoirement au rez-de-chauss\u00e9e du b\u00e2timent Sion Rostand, accessible par l\u2019escalier \u00e0 droite du snack.<\/p><p>Le fonds du CDI est aussi en ligne : <a href=\"http:\/\/0131341m.esidoc.fr\/\" target=\"_blank\" rel=\"noopener noreferrer\">http:\/\/0131341m.esidoc.fr\/<\/a><br \/>Vous pouvez y consulter de nombreuses ressources, de la presse (Brief me, Brief \u00c9co, Brief science), Educ&rsquo;Arte, etc&#8230;<\/p><p>Le CDI est \u00e9galement un lieu p\u00e9dagogique o\u00f9 des s\u00e9ances d&rsquo;\u00c9ducation aux M\u00e9dias et \u00e0 l&rsquo;information sont organis\u00e9es. <br \/>Une aide au travail personnel peut \u00e9galement \u00eatre apport\u00e9e.<\/p><p>D\u00e9but 2026, le CDI va d\u00e9m\u00e9nager dans un grand espace au rez-de-chauss\u00e9e du nouveau b\u00e2timent de Sion. La Webradio NDS qui est lanc\u00e9e depuis octobre 2025, il y aura un studio d&rsquo;enregistrement d\u00e9di\u00e9. Ce m\u00e9dia sera p\u00e9dagogique, culturel, ouvert \u00e0 la cr\u00e9ativit\u00e9 des jeunes lyc\u00e9ens et des \u00e9tudiants des classes pr\u00e9paratoires comme de la communaut\u00e9 \u00e9ducative.<\/p><p>Le CDI facilite l\u2019ouverture sur la soci\u00e9t\u00e9, le monde, l\u2019art et la culture.<\/p><p><strong><em>Mme. HANET (Professeure documentaliste)<\/em><\/strong><\/p>\t\t\t\t\t\t\t\t<\/div>\n\t\t\t\t<\/div>\n\t\t\t\t<div class=\"elementor-element elementor-element-c874860 elementor-widget elementor-widget-spacer\" data-id=\"c874860\" data-element_type=\"widget\" data-e-type=\"widget\" data-widget_type=\"spacer.default\">\n\t\t\t\t<div class=\"elementor-widget-container\">\n\t\t\t\t\t\t\t<div class=\"elementor-spacer\">\n\t\t\t<div class=\"elementor-spacer-inner\"><\/div>\n\t\t<\/div>\n\t\t\t\t\t\t<\/div>\n\t\t\t\t<\/div>\n\t\t\t\t\t<\/div>\n\t\t<\/div>\n\t\t\t\t\t<\/div>\n\t\t<\/section>\n\t\t\t\t<\/div>\n\t\t","protected":false},"excerpt":{"rendered":"<p>CENTRE DE DOCUMENTATION ET D&rsquo;INFORMATION CDI Le CDI (Centre de Documentation et d\u2019Information) est un lieu ouvert \u00e0 tous pour \u00e9tudier, lire, s\u2019informer, participer \u00e0 des projets culturels. Sous la responsabilit\u00e9 de Madame HANET, professeure documentaliste, cet espace met \u00e0 disposition une biblioth\u00e8que rassemblant tous types de documents (fictions, BD, documentaires, p\u00e9riodiques, DVD) pouvant \u00eatre &hellip; <a href=\"https:\/\/www.notredamedesion.fr\/lycee\/cdi\/\" class=\"more-link\">Continue reading<span class=\"screen-reader-text\"> \u00ab\u00a0CDI\u00a0\u00bb<\/span><\/a><\/p>\n","protected":false},"author":3,"featured_media":0,"parent":0,"menu_order":38,"comment_status":"closed","ping_status":"closed","template":"elementor_header_footer","meta":{"sfsi_plus_gutenberg_text_before_share":"","sfsi_plus_gutenberg_show_text_before_share":"","sfsi_plus_gutenberg_icon_type":"","sfsi_plus_gutenberg_icon_alignemt":"","sfsi_plus_gutenburg_max_per_row":"","footnotes":""},"class_list":["post-3328","page","type-page","status-publish","hentry"],"_links":{"self":[{"href":"https:\/\/www.notredamedesion.fr\/lycee\/wp-json\/wp\/v2\/pages\/3328","targetHints":{"allow":["GET"]}}],"collection":[{"href":"https:\/\/www.notredamedesion.fr\/lycee\/wp-json\/wp\/v2\/pages"}],"about":[{"href":"https:\/\/www.notredamedesion.fr\/lycee\/wp-json\/wp\/v2\/types\/page"}],"author":[{"embeddable":true,"href":"https:\/\/www.notredamedesion.fr\/lycee\/wp-json\/wp\/v2\/users\/3"}],"replies":[{"embeddable":true,"href":"https:\/\/www.notredamedesion.fr\/lycee\/wp-json\/wp\/v2\/comments?post=3328"}],"version-history":[{"count":14,"href":"https:\/\/www.notredamedesion.fr\/lycee\/wp-json\/wp\/v2\/pages\/3328\/revisions"}],"predecessor-version":[{"id":4925,"href":"https:\/\/www.notredamedesion.fr\/lycee\/wp-json\/wp\/v2\/pages\/3328\/revisions\/4925"}],"wp:attachment":[{"href":"https:\/\/www.notredamedesion.fr\/lycee\/wp-json\/wp\/v2\/media?parent=3328"}],"curies":[{"name":"wp","href":"https:\/\/api.w.org\/{rel}","templated":true}]}}