{"id":3312,"date":"2025-09-20T11:56:22","date_gmt":"2025-09-20T10:56:22","guid":{"rendered":"https:\/\/www.notredamedesion.fr\/lycee\/?page_id=3312"},"modified":"2025-10-10T17:26:11","modified_gmt":"2025-10-10T16:26:11","slug":"options","status":"publish","type":"page","link":"https:\/\/www.notredamedesion.fr\/lycee\/lycee\/options\/","title":{"rendered":"Options"},"content":{"rendered":"\t\t<div data-elementor-type=\"wp-post\" data-elementor-id=\"3312\" class=\"elementor elementor-3312\">\n\t\t\t\t\t\t<section class=\"elementor-section elementor-top-section elementor-element elementor-element-51ef4b7 elementor-section-stretched lt-services elementor-section-boxed elementor-section-height-default elementor-section-height-default\" data-id=\"51ef4b7\" data-element_type=\"section\" data-e-type=\"section\" data-settings=\"{&quot;stretch_section&quot;:&quot;section-stretched&quot;,&quot;background_background&quot;:&quot;classic&quot;,&quot;shape_divider_bottom&quot;:&quot;tilt&quot;}\">\n\t\t\t\t\t<div class=\"elementor-shape elementor-shape-bottom\" aria-hidden=\"true\" data-negative=\"false\">\n\t\t\t<svg xmlns=\"http:\/\/www.w3.org\/2000\/svg\" viewBox=\"0 0 1000 100\" preserveAspectRatio=\"none\">\n\t<path class=\"elementor-shape-fill\" d=\"M0,6V0h1000v100L0,6z\"\/>\n<\/svg>\t\t<\/div>\n\t\t\t\t\t<div class=\"elementor-container elementor-column-gap-default\">\n\t\t\t\t\t<div class=\"elementor-column elementor-col-100 elementor-top-column elementor-element elementor-element-4435425\" data-id=\"4435425\" data-element_type=\"column\" data-e-type=\"column\">\n\t\t\t<div class=\"elementor-widget-wrap\">\n\t\t\t\t\t\t\t<\/div>\n\t\t<\/div>\n\t\t\t\t\t<\/div>\n\t\t<\/section>\n\t\t\t\t<section class=\"elementor-section elementor-top-section elementor-element elementor-element-1e9af52 elementor-section-boxed elementor-section-height-default elementor-section-height-default\" data-id=\"1e9af52\" data-element_type=\"section\" data-e-type=\"section\">\n\t\t\t\t\t\t<div class=\"elementor-container elementor-column-gap-default\">\n\t\t\t\t\t<div class=\"elementor-column elementor-col-100 elementor-top-column elementor-element elementor-element-624c980\" data-id=\"624c980\" data-element_type=\"column\" data-e-type=\"column\">\n\t\t\t<div class=\"elementor-widget-wrap elementor-element-populated\">\n\t\t\t\t\t\t<div class=\"elementor-element elementor-element-55a053d elementor-widget elementor-widget-heading\" data-id=\"55a053d\" data-element_type=\"widget\" data-e-type=\"widget\" data-widget_type=\"heading.default\">\n\t\t\t\t<div class=\"elementor-widget-container\">\n\t\t\t\t\t<h1 class=\"elementor-heading-title elementor-size-default\">OPTIONS<\/h1>\t\t\t\t<\/div>\n\t\t\t\t<\/div>\n\t\t\t\t<div class=\"elementor-element elementor-element-ef2fc31 elementor-widget elementor-widget-spacer\" data-id=\"ef2fc31\" data-element_type=\"widget\" data-e-type=\"widget\" data-widget_type=\"spacer.default\">\n\t\t\t\t<div class=\"elementor-widget-container\">\n\t\t\t\t\t\t\t<div class=\"elementor-spacer\">\n\t\t\t<div class=\"elementor-spacer-inner\"><\/div>\n\t\t<\/div>\n\t\t\t\t\t\t<\/div>\n\t\t\t\t<\/div>\n\t\t\t\t\t<\/div>\n\t\t<\/div>\n\t\t\t\t\t<\/div>\n\t\t<\/section>\n\t\t\t\t<section class=\"elementor-section elementor-top-section elementor-element elementor-element-6e76f29 elementor-section-boxed elementor-section-height-default elementor-section-height-default\" data-id=\"6e76f29\" data-element_type=\"section\" data-e-type=\"section\">\n\t\t\t\t\t\t<div class=\"elementor-container elementor-column-gap-default\">\n\t\t\t\t\t<div class=\"elementor-column elementor-col-100 elementor-top-column elementor-element elementor-element-cce55b8\" data-id=\"cce55b8\" data-element_type=\"column\" data-e-type=\"column\">\n\t\t\t<div class=\"elementor-widget-wrap elementor-element-populated\">\n\t\t\t\t\t\t<div class=\"elementor-element elementor-element-16189af elementor-widget elementor-widget-text-editor\" data-id=\"16189af\" data-element_type=\"widget\" data-e-type=\"widget\" data-widget_type=\"text-editor.default\">\n\t\t\t\t<div class=\"elementor-widget-container\">\n\t\t\t\t\t\t\t\t\t<p>Au lyc\u00e9e, les \u00e9l\u00e8ves ont la possibilit\u00e9 de choisir jusqu\u2019\u00e0 deux options. Celles-ci permettent de d\u00e9velopper des comp\u00e9tences diverses et une ouverture au monde valoris\u00e9es dans le dossier Parcoursup.<\/p>\n<p>Notre \u00e9tablissement propose des options vari\u00e9es, permettant \u00e0 chacun de d\u00e9couvrir ou approfondir certains , apprentissages, dans des domaines tr\u00e8s divers.<\/p>\n<p>D\u00e8s la Seconde et pour les trois ann\u00e9es du lyc\u00e9e (chaque option repr\u00e9sente 3h d\u2019enseignement hebdomadaires<br>suppl\u00e9mentaires, les \u00e9l\u00e8ves s\u2019engagent pour les trois ann\u00e9es)&nbsp;:<\/p>\n<p>&#8211; L\u2019option Arts Plastiques (3h d\u2019enseignements hebdomadaires)<br>&#8211; L\u2019option EPS (2h d\u2019enseignements hebdomadaires et une semaine de stage sportif)<br>&#8211; L\u2019option Section Europ\u00e9enne Italien (1h d\u2019approfondissement de la langue et 1h d\u2019histoire-g\u00e9ographie en italien)<br>&#8211; L\u2019option Italien Langue Vivante C (3h d\u2019enseignements hebdomadaires)<br>&#8211; L\u2019option Latin (3h d\u2019enseignements hebdomadaires)<br>&#8211; L\u2019option Grec (3h d\u2019enseignements hebdomadaires)<\/p>\n<p>En Terminale, pour conforter son projet vers l\u2019enseignement sup\u00e9rieur&nbsp;(chaque option repr\u00e9sente 3h<br>d\u2019enseignement hebdomadaires suppl\u00e9mentaires) :<\/p>\n<p>&#8211; L\u2019Option Maths compl\u00e9mentaires (pour les \u00e9l\u00e8ves qui n\u2019ont pas conserv\u00e9 la sp\u00e9cialit\u00e9 math\u00e9matiques en Terminale)<br>&#8211; L\u2019Option Maths expert<br>&#8211; L\u2019option Droits et Grands Enjeux du Monde Contemporain (DGEMC)<\/p>\t\t\t\t\t\t\t\t<\/div>\n\t\t\t\t<\/div>\n\t\t\t\t\t<\/div>\n\t\t<\/div>\n\t\t\t\t\t<\/div>\n\t\t<\/section>\n\t\t\t\t<section class=\"elementor-section elementor-top-section elementor-element elementor-element-d739baf elementor-section-boxed elementor-section-height-default elementor-section-height-default\" data-id=\"d739baf\" data-element_type=\"section\" data-e-type=\"section\">\n\t\t\t\t\t\t<div class=\"elementor-container elementor-column-gap-default\">\n\t\t\t\t\t<div class=\"elementor-column elementor-col-100 elementor-top-column elementor-element elementor-element-5e6a167\" data-id=\"5e6a167\" data-element_type=\"column\" data-e-type=\"column\">\n\t\t\t<div class=\"elementor-widget-wrap elementor-element-populated\">\n\t\t\t\t\t\t<div class=\"elementor-element elementor-element-740097f elementor-widget elementor-widget-text-editor\" data-id=\"740097f\" data-element_type=\"widget\" data-e-type=\"widget\" data-widget_type=\"text-editor.default\">\n\t\t\t\t<div class=\"elementor-widget-container\">\n\t\t\t\t\t\t\t\t\t<h1>Les Arts Plastiques<\/h1><hr \/><h4>Les Arts plastiques : mati\u00e8re fondamentale<\/h4><p>Loin d\u2019\u00eatre une mati\u00e8re de seconde zone, les Arts Plastiques d\u00e9veloppent \u00e0 la fois la sensibilit\u00e9, le raisonnement et l\u2019analyse personnelle, la culture et la connaissance, l\u2019ouverture d\u2019esprit, et favorisent chez les jeunes le jugement personnel, l\u2019expression et la cr\u00e9ativit\u00e9. Il s\u2019agit d\u2019une mati\u00e8re tr\u00e8s compl\u00e8te, accessible \u00e0 tous, y compris \u00e0 ceux qui n\u2019ont pas de dons particuliers r\u00e9v\u00e9l\u00e9s dans ce domaine.<\/p><p>Nous la retrouvons sous des formes extr\u00eamement vari\u00e9es dans la plupart de nos entreprises toujours au c\u0153ur des d\u00e9cisions, pour d\u00e9finir une strat\u00e9gie, une ligne de conduite, pour communiquer etc\u2026<\/p><h4>Les enseignements artistiques<\/h4><p>Compte tenu de ces besoins et des nouveaux m\u00e9tiers qu\u2019ils engendrent, les Arts Plastiques tiennent une place de plus en plus pr\u00e9pond\u00e9rante dans le cursus scolaire.<br \/>Les Arts Plastiques peuvent faire partie d\u2019un enseignement optionnel ou d\u2019un enseignement de sp\u00e9cialit\u00e9.<\/p><h1>Les Arts Plastiques au baccalaur\u00e9at<\/h1><hr \/><p><strong>\u00a0<\/strong><\/p><table><tbody><tr><td><p><strong>Pour l\u2019enseignement optionnel:<\/strong><\/p><p>Dans le cadre de l\u2019option, les \u00e9l\u00e8ves peuvent suivre les cours d\u2019Arts Plastiques \u00e0 raison de :<\/p><p><em><strong>\u00a0\u00a0\u00a0\u00a0\u00a0\u00a0\u00a0\u00a0\u00a0\u00a0\u00a0\u00a0\u00a0\u00a0\u00a0\u00a0\u00a0\u00a0\u00a0\u00a0\u00a0\u00a0\u00a0\u00a0\u00a0\u00a0\u00a0\u00a0\u00a0\u00a0\u00a0\u00a0\u00a0\u00a0\u00a0\u00a0\u00a0\u00a0\u00a0 3 h en seconde\u00a0\u00a0\u00a0\u00a0\u00a0\u00a0\u00a0\u00a0\u00a0 <\/strong><\/em><em><strong>3 h en 1<sup>\u00e8re\u00a0\u00a0\u00a0\u00a0\u00a0\u00a0\u00a0\u00a0\u00a0 <\/sup>3 h en Terminale<\/strong><\/em><\/p><p>Le lyc\u00e9e Notre-Dame de Sion met un point d\u2019honneur \u00e0 d\u00e9fendre la culture artistique comme pivot essentiel de la formation de tous les \u00e9l\u00e8ves. Les deux enseignants en Arts Plastiques ont mis en place un syst\u00e8me original au sein du cours de terminale option.<\/p><p>L\u2019\u00e9preuve consiste en une discussion de 30 minutes avec un jury, \u00e0 partir de son dossier personnel r\u00e9alis\u00e9 en classe, pendant l\u2019ann\u00e9e scolaire. Comme toutes les options, seuls les points au-dessus de 10 sont pris en compte et multipli\u00e9s par deux. On sait que les oraux sont indispensables dans la formation des \u00e9l\u00e8ves.<\/p><p>Tous les \u00e9l\u00e8ves pr\u00e9sentant les Arts Plastiques en option au baccalaur\u00e9at ont obtenu des points avec une moyenne autour de 15 (statistiques effectu\u00e9es sur 15 ans).<\/p><\/td><td><p><strong>Pour l\u2019enseignement obligatoire :<\/strong><\/p><p>Les \u00e9l\u00e8ves peuvent choisir les Arts Plastiques comme sp\u00e9cialit\u00e9, d\u00e8s la fin de la classe de seconde, \u00e0 raison de<\/p><p><strong><em>\u00a0\u00a0\u00a0\u00a0\u00a0\u00a0\u00a0\u00a0\u00a0\u00a0\u00a0\u00a0\u00a0\u00a0\u00a0\u00a0\u00a0\u00a0\u00a0\u00a0\u00a0\u00a0\u00a0\u00a0\u00a0 4 h en 1<sup>\u00e8re<\/sup> \u00a0\u00a0\u00a0\u00a0\u00a0\u00a0\u00a0\u00a0\u00a0\u00a0\u00a0\u00a0\u00a0\u00a0\u00a0\u00a0 \u00a0\u00a0\u00a0\u00a0\u00a0 \u00a0\u00a0\u00a0\u00a0 6 h en Terminale en 2020\/2021<\/em><\/strong><\/p><p>Les \u00e9preuves consistent en :<\/p><ul><li>Une \u00e9preuve orale de 30 minutes avec un dossier effectu\u00e9 pendant l\u2019ann\u00e9e (coefficient 3). Ce dossier ne peut \u00eatre le m\u00eame que celui demand\u00e9 dans le cours optionnel, dans le cas o\u00f9 l\u2019\u00e9l\u00e8ve choisirait de suivre les deux enseignements.<\/li><li>Une \u00e9preuve \u00e9crite de culture g\u00e9n\u00e9rale de 3 h 30 (coefficient 3).<\/li><\/ul><p><strong>\u00a0<\/strong><\/p><\/td><\/tr><\/tbody><\/table><p>Le professeur d\u2019Arts Plastiques peut organiser des rencontres avec les parents afin d\u2019aider l\u2019\u00e9l\u00e8ve dans ses choix de formation sup\u00e9rieure.<\/p><p><strong><em>Pour tout renseignement compl\u00e9mentaire<\/em><\/strong><br \/>Jean-Louis GARCIN<br \/>ENSEIGNANTS EN ARTS PLASTIQUES<br \/>Lyc\u00e9e Notre-Dame de Sion<br \/>Sur rendez-vous<\/p><h1>\u00a0<\/h1><h1>\u00a0<\/h1><h1>L\u2019EPS<\/h1><h1>Cliquer sur ce lien pour d\u00e9couvrir l\u2019option EPS au lyc\u00e9e :<\/h1><h1><a href=\"http:\/\/www.notredamedesion.fr\/wp-content\/uploads\/2021\/03\/PLAQUETTE-OPTION-EPS-2021.pdf\">PLAQUETTE OPTION EPS <\/a><\/h1><p><em><strong>PROFESSEUR RESPONSABLE\u00a0:<\/strong> Isabelle B\u00e9rengier (i.berengier@sfr.fr), enseignante EPS<br \/><strong>https: \/\/isaberengier.wixsite.com\/monsite (copier coller ce lien dans la barre de navigation)<\/strong><\/em><\/p><p><a href=\"https:\/\/www.instagram.com\/icberengier7epsoptionndsion?igsh=MXRjc21lNGxrMDlqdg==\">https:\/\/www.instagram.com\/icberengier7epsoptionndsion?igsh=MXRjc21lNGxrMDlqdg==<\/a><\/p><h1>\u00a0<\/h1><h1>\u00a0<\/h1><h1>L\u2019italien<\/h1><hr \/><h5>Perch\u00e9 apprendere l\u2019italiano ?<\/h5><p>La gastronomie, le patrimoine culturel, la mode, les voitures et Vespa embl\u00e9matiques de la Dolce Vita, son Calcio et la Serie A ainsi que la proximit\u00e9 g\u00e9ographique pour ne citer que quelques exemples : l\u2019Italie est si omnipr\u00e9sente dans notre quotidien que l\u2019on ne saurait s\u2019en passer \u2026<br \/>Si tu as envie : d\u2019en d\u00e9couvrir davantage sur nos cousins transalpins, ou peut-\u00eatre de renouer avec la langue de tes anc\u00eatres ou tout simplement d\u2019\u00e9tudier un troisi\u00e8me langue pour ton plaisir personnel alors l\u2019option italien est faite pour toi !<br \/>Pour agr\u00e9menter ta scolarit\u00e9 et mettre en pratique tes acquis un voyage scolaire et des sorties \u00e9ducatives seront organis\u00e9es durant ton cursus au lyc\u00e9e.<\/p><h5>L\u2019italien (LVC) dans la r\u00e9forme du bac 2021<\/h5><h5><strong>Modalit\u00e9 de l\u2019option : 3 heures hebdomadaires de la seconde \u00e0 la terminale.<\/strong><\/h5><p>Contenu du programme : tu \u00e9tudieras les m\u00eames axes th\u00e9matiques que pour ta LVA et LVB mais sur une p\u00e9riode plus courte.<br \/>Niveau cibl\u00e9 dans le CERCL : tu construis le niveau <strong>A2<\/strong> en seconde pour atteindre le niveau <strong>B1 <\/strong>\u00e0 la fin de ta terminale.<\/p><p><strong>L\u2019italien au bac : la nouveaut\u00e9 est qu\u2019il n\u2019y a plus d\u2019\u00e9preuve finale en terminale. Ta note finale de bac sera calcul\u00e9e en fonction des moyennes trimestrielles des bulletins de Premi\u00e8re et Terminale.<\/strong><\/p><p>Sans les\u00a0contraintes et exigences\u00a0inh\u00e9rentes \u00e0 une \u00e9preuve finale de bac, l\u2019apprentissage de l\u2019italien sera du pur plaisir pour toi si tu es motiv\u00e9 et d\u00e9sireux d\u2019ajouter une troisi\u00e8me\u00a0langue \u00e0 ton arc !<\/p><h5><em>La classe d\u2019italien n\u2019attend que Toi : <strong>allora Ciao e a presto<\/strong> !<\/em><\/h5><p><strong><em>B. RAZAFIARISON<\/em><\/strong><\/p><h1>\u00a0<\/h1><h1>\u00a0<\/h1><h1>Le latin et le grec ancien<\/h1><hr \/><h4><img fetchpriority=\"high\" decoding=\"async\" class=\" wp-image-3030 aligncenter\" src=\"http:\/\/www.notredamedesion.fr\/wp-content\/uploads\/2023\/02\/Image1-346x450.png\" sizes=\"(max-width: 244px) 100vw, 244px\" srcset=\"https:\/\/www.notredamedesion.fr\/wp-content\/uploads\/2023\/02\/Image1-346x450.png 346w, https:\/\/www.notredamedesion.fr\/wp-content\/uploads\/2023\/02\/Image1-600x780.png 600w, https:\/\/www.notredamedesion.fr\/wp-content\/uploads\/2023\/02\/Image1.png 605w\" alt=\"\" width=\"244\" height=\"317\" data-id=\"3030\" \/><\/h4><p><strong>Vous faites d\u00e9j\u00e0 du latin ou du grec et voulez continuer l\u2019option\u00a0?<\/strong><\/p><p><strong>Vous ne connaissez ni l\u2019une ni l\u2019autre de ces deux langues\u00a0?<\/strong><\/p><p><strong>Les cours de latin et de grec du lyc\u00e9e Notre Dame de Sion vous accueillent d\u00e9butants ou confirm\u00e9s et s\u2019adaptent \u00e0 vos besoins\u00a0!<\/strong><\/p><p>Une des <strong>sp\u00e9cificit\u00e9s<\/strong> de notre lyc\u00e9e\u00a0? Une large place consacr\u00e9e aux <strong>Humanit\u00e9s<\/strong>\u00a0!<\/p><p><img decoding=\"async\" class=\" wp-image-3031 aligncenter\" src=\"http:\/\/www.notredamedesion.fr\/wp-content\/uploads\/2023\/02\/Image2-333x450.png\" sizes=\"(max-width: 244px) 100vw, 244px\" srcset=\"https:\/\/www.notredamedesion.fr\/wp-content\/uploads\/2023\/02\/Image2-333x450.png 333w, https:\/\/www.notredamedesion.fr\/wp-content\/uploads\/2023\/02\/Image2-600x810.png 600w, https:\/\/www.notredamedesion.fr\/wp-content\/uploads\/2023\/02\/Image2.png 605w\" alt=\"\" width=\"244\" height=\"330\" data-id=\"3031\" \/><\/p><p>L\u2019enseignement\u00a0? Une <strong>vocation<\/strong>\u00a0!<\/p><p>Le latin et le grec\u00a0? Des <strong>passions<\/strong>\u00a0!<\/p><p>Les partager avec vous\u00a0? <strong>Notre mission<\/strong>\u00a0!<\/p><p>Des enseignantes de Lettres Classiques vous proposent de (re)d\u00e9couvrir ces <strong>grandes civilisations<\/strong> qui font le <strong>ciment de notre soci\u00e9t\u00e9 et de notre culture<\/strong> aujourd\u2019hui\u00a0!<\/p><p>Pour en savoir plus sur les programmes, les activit\u00e9s ou encore les d\u00e9bouch\u00e9s post-bac, vous pouvez consulter les <strong>descriptifs ci-joints<\/strong>. Si vous avez la moindre question, n\u2019h\u00e9sitez pas \u00e0 nous la poser sur notre page Instagram, sur laquelle vous trouverez d\u2019ailleurs quelques photos d\u2019activit\u00e9s que nous proposons\u00a0!<\/p><p><strong>@options_latin_grec_ndsion<\/strong><\/p><p>Et un petit peu d\u2019humour pour finir\u2026<br \/>Les dinosaures ne parlaient ni latin ni grec\u2026<\/p><p>maintenant ils sont tous morts\u00a0!<br \/><img decoding=\"async\" class=\"alignnone size-full wp-image-3029\" src=\"http:\/\/www.notredamedesion.fr\/wp-content\/uploads\/2023\/02\/latin-3.jpg\" alt=\"\" width=\"300\" height=\"168\" data-id=\"3029\" \/><\/p><p><strong>Faites du latin\u00a0!<\/strong><\/p><p><strong>\u00a0Faites du grec\u00a0!<\/strong><\/p>\t\t\t\t\t\t\t\t<\/div>\n\t\t\t\t<\/div>\n\t\t\t\t\t<\/div>\n\t\t<\/div>\n\t\t\t\t\t<\/div>\n\t\t<\/section>\n\t\t\t\t<section class=\"elementor-section elementor-top-section elementor-element elementor-element-361b225 elementor-section-boxed elementor-section-height-default elementor-section-height-default\" data-id=\"361b225\" data-element_type=\"section\" data-e-type=\"section\">\n\t\t\t\t\t\t<div class=\"elementor-container elementor-column-gap-default\">\n\t\t\t\t\t<div class=\"elementor-column elementor-col-100 elementor-top-column elementor-element elementor-element-b71d4d6\" data-id=\"b71d4d6\" data-element_type=\"column\" data-e-type=\"column\">\n\t\t\t<div class=\"elementor-widget-wrap elementor-element-populated\">\n\t\t\t\t\t\t<div class=\"elementor-element elementor-element-93bccd3 elementor-widget elementor-widget-image\" data-id=\"93bccd3\" data-element_type=\"widget\" data-e-type=\"widget\" data-widget_type=\"image.default\">\n\t\t\t\t<div class=\"elementor-widget-container\">\n\t\t\t\t\t\t\t\t\t\t\t\t\t\t\t<img loading=\"lazy\" decoding=\"async\" width=\"840\" height=\"593\" src=\"https:\/\/www.notredamedesion.fr\/lycee\/wp-content\/uploads\/2025\/03\/Lation01-1024x723.png\" class=\"attachment-large size-large wp-image-2693\" alt=\"\" srcset=\"https:\/\/www.notredamedesion.fr\/lycee\/wp-content\/uploads\/2025\/03\/Lation01-1024x723.png 1024w, https:\/\/www.notredamedesion.fr\/lycee\/wp-content\/uploads\/2025\/03\/Lation01-500x353.png 500w, https:\/\/www.notredamedesion.fr\/lycee\/wp-content\/uploads\/2025\/03\/Lation01-768x543.png 768w, https:\/\/www.notredamedesion.fr\/lycee\/wp-content\/uploads\/2025\/03\/Lation01.png 1172w\" sizes=\"(max-width: 709px) 85vw, (max-width: 909px) 67vw, (max-width: 1362px) 62vw, 840px\" \/>\t\t\t\t\t\t\t\t\t\t\t\t\t\t\t<\/div>\n\t\t\t\t<\/div>\n\t\t\t\t<div class=\"elementor-element elementor-element-a843547 elementor-widget elementor-widget-image\" data-id=\"a843547\" data-element_type=\"widget\" data-e-type=\"widget\" data-widget_type=\"image.default\">\n\t\t\t\t<div class=\"elementor-widget-container\">\n\t\t\t\t\t\t\t\t\t\t\t\t\t\t\t<img loading=\"lazy\" decoding=\"async\" width=\"840\" height=\"593\" src=\"https:\/\/www.notredamedesion.fr\/lycee\/wp-content\/uploads\/2025\/03\/Lation02-1024x723.png\" class=\"attachment-large size-large wp-image-2692\" alt=\"\" srcset=\"https:\/\/www.notredamedesion.fr\/lycee\/wp-content\/uploads\/2025\/03\/Lation02-1024x723.png 1024w, https:\/\/www.notredamedesion.fr\/lycee\/wp-content\/uploads\/2025\/03\/Lation02-500x353.png 500w, https:\/\/www.notredamedesion.fr\/lycee\/wp-content\/uploads\/2025\/03\/Lation02-768x543.png 768w, https:\/\/www.notredamedesion.fr\/lycee\/wp-content\/uploads\/2025\/03\/Lation02.png 1172w\" sizes=\"(max-width: 709px) 85vw, (max-width: 909px) 67vw, (max-width: 1362px) 62vw, 840px\" \/>\t\t\t\t\t\t\t\t\t\t\t\t\t\t\t<\/div>\n\t\t\t\t<\/div>\n\t\t\t\t<div class=\"elementor-element elementor-element-eab4db3 elementor-widget elementor-widget-image\" data-id=\"eab4db3\" data-element_type=\"widget\" data-e-type=\"widget\" data-widget_type=\"image.default\">\n\t\t\t\t<div class=\"elementor-widget-container\">\n\t\t\t\t\t\t\t\t\t\t\t\t\t\t\t<img loading=\"lazy\" decoding=\"async\" width=\"840\" height=\"593\" src=\"https:\/\/www.notredamedesion.fr\/lycee\/wp-content\/uploads\/2025\/03\/Grec01-1024x723.png\" class=\"attachment-large size-large wp-image-2691\" alt=\"\" srcset=\"https:\/\/www.notredamedesion.fr\/lycee\/wp-content\/uploads\/2025\/03\/Grec01-1024x723.png 1024w, https:\/\/www.notredamedesion.fr\/lycee\/wp-content\/uploads\/2025\/03\/Grec01-500x353.png 500w, https:\/\/www.notredamedesion.fr\/lycee\/wp-content\/uploads\/2025\/03\/Grec01-768x543.png 768w, https:\/\/www.notredamedesion.fr\/lycee\/wp-content\/uploads\/2025\/03\/Grec01.png 1172w\" sizes=\"(max-width: 709px) 85vw, (max-width: 909px) 67vw, (max-width: 1362px) 62vw, 840px\" \/>\t\t\t\t\t\t\t\t\t\t\t\t\t\t\t<\/div>\n\t\t\t\t<\/div>\n\t\t\t\t<div class=\"elementor-element elementor-element-be032e7 elementor-widget elementor-widget-image\" data-id=\"be032e7\" data-element_type=\"widget\" data-e-type=\"widget\" data-widget_type=\"image.default\">\n\t\t\t\t<div class=\"elementor-widget-container\">\n\t\t\t\t\t\t\t\t\t\t\t\t\t\t\t<img loading=\"lazy\" decoding=\"async\" width=\"840\" height=\"593\" src=\"https:\/\/www.notredamedesion.fr\/lycee\/wp-content\/uploads\/2025\/03\/Grec02-1024x723.png\" class=\"attachment-large size-large wp-image-2690\" alt=\"\" srcset=\"https:\/\/www.notredamedesion.fr\/lycee\/wp-content\/uploads\/2025\/03\/Grec02-1024x723.png 1024w, https:\/\/www.notredamedesion.fr\/lycee\/wp-content\/uploads\/2025\/03\/Grec02-500x353.png 500w, https:\/\/www.notredamedesion.fr\/lycee\/wp-content\/uploads\/2025\/03\/Grec02-768x543.png 768w, https:\/\/www.notredamedesion.fr\/lycee\/wp-content\/uploads\/2025\/03\/Grec02.png 1172w\" sizes=\"(max-width: 709px) 85vw, (max-width: 909px) 67vw, (max-width: 1362px) 62vw, 840px\" \/>\t\t\t\t\t\t\t\t\t\t\t\t\t\t\t<\/div>\n\t\t\t\t<\/div>\n\t\t\t\t\t<\/div>\n\t\t<\/div>\n\t\t\t\t\t<\/div>\n\t\t<\/section>\n\t\t\t\t<section class=\"elementor-section elementor-top-section elementor-element elementor-element-07ada52 elementor-section-boxed elementor-section-height-default elementor-section-height-default\" data-id=\"07ada52\" data-element_type=\"section\" data-e-type=\"section\">\n\t\t\t\t\t\t<div class=\"elementor-container elementor-column-gap-default\">\n\t\t\t\t\t<div class=\"elementor-column elementor-col-100 elementor-top-column elementor-element elementor-element-ab9b4b6\" data-id=\"ab9b4b6\" data-element_type=\"column\" data-e-type=\"column\">\n\t\t\t<div class=\"elementor-widget-wrap elementor-element-populated\">\n\t\t\t\t\t\t<div class=\"elementor-element elementor-element-ffe28fb elementor-widget elementor-widget-spacer\" data-id=\"ffe28fb\" data-element_type=\"widget\" data-e-type=\"widget\" data-widget_type=\"spacer.default\">\n\t\t\t\t<div class=\"elementor-widget-container\">\n\t\t\t\t\t\t\t<div class=\"elementor-spacer\">\n\t\t\t<div class=\"elementor-spacer-inner\"><\/div>\n\t\t<\/div>\n\t\t\t\t\t\t<\/div>\n\t\t\t\t<\/div>\n\t\t\t\t\t<\/div>\n\t\t<\/div>\n\t\t\t\t\t<\/div>\n\t\t<\/section>\n\t\t\t\t<\/div>\n\t\t","protected":false},"excerpt":{"rendered":"<p>OPTIONS Au lyc\u00e9e, les \u00e9l\u00e8ves ont la possibilit\u00e9 de choisir jusqu\u2019\u00e0 deux options. Celles-ci permettent de d\u00e9velopper des comp\u00e9tences diverses et une ouverture au monde valoris\u00e9es dans le dossier Parcoursup. Notre \u00e9tablissement propose des options vari\u00e9es, permettant \u00e0 chacun de d\u00e9couvrir ou approfondir certains , apprentissages, dans des domaines tr\u00e8s divers. D\u00e8s la Seconde et &hellip; <a href=\"https:\/\/www.notredamedesion.fr\/lycee\/lycee\/options\/\" class=\"more-link\">Continue reading<span class=\"screen-reader-text\"> \u00ab\u00a0Options\u00a0\u00bb<\/span><\/a><\/p>\n","protected":false},"author":3,"featured_media":0,"parent":2070,"menu_order":36,"comment_status":"closed","ping_status":"closed","template":"elementor_header_footer","meta":{"sfsi_plus_gutenberg_text_before_share":"","sfsi_plus_gutenberg_show_text_before_share":"","sfsi_plus_gutenberg_icon_type":"","sfsi_plus_gutenberg_icon_alignemt":"","sfsi_plus_gutenburg_max_per_row":"","footnotes":""},"class_list":["post-3312","page","type-page","status-publish","hentry"],"_links":{"self":[{"href":"https:\/\/www.notredamedesion.fr\/lycee\/wp-json\/wp\/v2\/pages\/3312","targetHints":{"allow":["GET"]}}],"collection":[{"href":"https:\/\/www.notredamedesion.fr\/lycee\/wp-json\/wp\/v2\/pages"}],"about":[{"href":"https:\/\/www.notredamedesion.fr\/lycee\/wp-json\/wp\/v2\/types\/page"}],"author":[{"embeddable":true,"href":"https:\/\/www.notredamedesion.fr\/lycee\/wp-json\/wp\/v2\/users\/3"}],"replies":[{"embeddable":true,"href":"https:\/\/www.notredamedesion.fr\/lycee\/wp-json\/wp\/v2\/comments?post=3312"}],"version-history":[{"count":20,"href":"https:\/\/www.notredamedesion.fr\/lycee\/wp-json\/wp\/v2\/pages\/3312\/revisions"}],"predecessor-version":[{"id":3924,"href":"https:\/\/www.notredamedesion.fr\/lycee\/wp-json\/wp\/v2\/pages\/3312\/revisions\/3924"}],"up":[{"embeddable":true,"href":"https:\/\/www.notredamedesion.fr\/lycee\/wp-json\/wp\/v2\/pages\/2070"}],"wp:attachment":[{"href":"https:\/\/www.notredamedesion.fr\/lycee\/wp-json\/wp\/v2\/media?parent=3312"}],"curies":[{"name":"wp","href":"https:\/\/api.w.org\/{rel}","templated":true}]}}