{"id":2076,"date":"2023-06-21T23:37:05","date_gmt":"2023-06-21T22:37:05","guid":{"rendered":"https:\/\/www.notredamedesion.fr\/lycee\/?page_id=2076"},"modified":"2025-10-10T17:35:50","modified_gmt":"2025-10-10T16:35:50","slug":"pastorale","status":"publish","type":"page","link":"https:\/\/www.notredamedesion.fr\/lycee\/lycee\/pastorale\/","title":{"rendered":"Pastorale et solidarit\u00e9"},"content":{"rendered":"\t\t<div data-elementor-type=\"wp-post\" data-elementor-id=\"2076\" class=\"elementor elementor-2076\">\n\t\t\t\t\t\t<section class=\"elementor-section elementor-top-section elementor-element elementor-element-51ef4b7 elementor-section-stretched lt-services elementor-section-boxed elementor-section-height-default elementor-section-height-default\" data-id=\"51ef4b7\" data-element_type=\"section\" data-e-type=\"section\" data-settings=\"{&quot;stretch_section&quot;:&quot;section-stretched&quot;,&quot;background_background&quot;:&quot;classic&quot;,&quot;shape_divider_bottom&quot;:&quot;tilt&quot;}\">\n\t\t\t\t\t<div class=\"elementor-shape elementor-shape-bottom\" aria-hidden=\"true\" data-negative=\"false\">\n\t\t\t<svg xmlns=\"http:\/\/www.w3.org\/2000\/svg\" viewBox=\"0 0 1000 100\" preserveAspectRatio=\"none\">\n\t<path class=\"elementor-shape-fill\" d=\"M0,6V0h1000v100L0,6z\"\/>\n<\/svg>\t\t<\/div>\n\t\t\t\t\t<div class=\"elementor-container elementor-column-gap-default\">\n\t\t\t\t\t<div class=\"elementor-column elementor-col-100 elementor-top-column elementor-element elementor-element-4435425\" data-id=\"4435425\" data-element_type=\"column\" data-e-type=\"column\">\n\t\t\t<div class=\"elementor-widget-wrap\">\n\t\t\t\t\t\t\t<\/div>\n\t\t<\/div>\n\t\t\t\t\t<\/div>\n\t\t<\/section>\n\t\t\t\t<section class=\"elementor-section elementor-top-section elementor-element elementor-element-26f9c97 elementor-section-boxed elementor-section-height-default elementor-section-height-default\" data-id=\"26f9c97\" data-element_type=\"section\" data-e-type=\"section\">\n\t\t\t\t\t\t<div class=\"elementor-container elementor-column-gap-default\">\n\t\t\t\t\t<div class=\"elementor-column elementor-col-100 elementor-top-column elementor-element elementor-element-9c23b7c\" data-id=\"9c23b7c\" data-element_type=\"column\" data-e-type=\"column\">\n\t\t\t<div class=\"elementor-widget-wrap elementor-element-populated\">\n\t\t\t\t\t\t<div class=\"elementor-element elementor-element-077e2b9 elementor-widget elementor-widget-heading\" data-id=\"077e2b9\" data-element_type=\"widget\" data-e-type=\"widget\" data-widget_type=\"heading.default\">\n\t\t\t\t<div class=\"elementor-widget-container\">\n\t\t\t\t\t<h1 class=\"elementor-heading-title elementor-size-default\">PASTORALE ET SOLIDARITE<\/h1>\t\t\t\t<\/div>\n\t\t\t\t<\/div>\n\t\t\t\t<div class=\"elementor-element elementor-element-662e95a elementor-widget elementor-widget-spacer\" data-id=\"662e95a\" data-element_type=\"widget\" data-e-type=\"widget\" data-widget_type=\"spacer.default\">\n\t\t\t\t<div class=\"elementor-widget-container\">\n\t\t\t\t\t\t\t<div class=\"elementor-spacer\">\n\t\t\t<div class=\"elementor-spacer-inner\"><\/div>\n\t\t<\/div>\n\t\t\t\t\t\t<\/div>\n\t\t\t\t<\/div>\n\t\t\t\t<div class=\"elementor-element elementor-element-0f6cf40 elementor-widget elementor-widget-heading\" data-id=\"0f6cf40\" data-element_type=\"widget\" data-e-type=\"widget\" data-widget_type=\"heading.default\">\n\t\t\t\t<div class=\"elementor-widget-container\">\n\t\t\t\t\t<h2 class=\"elementor-heading-title elementor-size-default\">Un \u00e9tablissement catholique d\u2019enseignement : Notre-Dame de Sion<\/h2>\t\t\t\t<\/div>\n\t\t\t\t<\/div>\n\t\t\t\t<div class=\"elementor-element elementor-element-b6c1ace elementor-widget elementor-widget-spacer\" data-id=\"b6c1ace\" data-element_type=\"widget\" data-e-type=\"widget\" data-widget_type=\"spacer.default\">\n\t\t\t\t<div class=\"elementor-widget-container\">\n\t\t\t\t\t\t\t<div class=\"elementor-spacer\">\n\t\t\t<div class=\"elementor-spacer-inner\"><\/div>\n\t\t<\/div>\n\t\t\t\t\t\t<\/div>\n\t\t\t\t<\/div>\n\t\t\t\t<div class=\"elementor-element elementor-element-1360a23 elementor-widget elementor-widget-text-editor\" data-id=\"1360a23\" data-element_type=\"widget\" data-e-type=\"widget\" data-widget_type=\"text-editor.default\">\n\t\t\t\t<div class=\"elementor-widget-container\">\n\t\t\t\t\t\t\t\t\t<p>Le lyc\u00e9e accueille tous les \u00e9l\u00e8ves, sans distinction confessionnelle.<\/p><ul><li>Son projet p\u00e9dagogique est associ\u00e9 \u00e0 son projet pastoral\u00a0: l\u2019annonce de J\u00e9sus-Christ.<\/li><\/ul><p>Cette annonce ne se r\u00e9alise pas seulement dans la culture religieuse, les c\u00e9l\u00e9brations ou l\u2019organisation de temps forts d\u2019aum\u00f4nerie, mais aussi dans la vie quotidienne du lyc\u00e9e, dans le regard que chacun -\u00e9l\u00e8ves, professeurs, personnel- porte sur autrui et d\u2019abord sur son partenaire imm\u00e9diat ou son voisin de table.<\/p><p>Le m\u00e9pris, l\u2019exclusion et la non-acceptation de l\u2019autre dans sa diff\u00e9rence, n\u2019ont pas de place dans une communaut\u00e9 \u00e9ducative chr\u00e9tienne, et tr\u00e8s pr\u00e9cis\u00e9ment dans le projet qu\u2019ont voulu pour les jeunes, les fondateurs de la Congr\u00e9gation, Alphonse et Th\u00e9odore RATISBONNE.<\/p>\t\t\t\t\t\t\t\t<\/div>\n\t\t\t\t<\/div>\n\t\t\t\t<div class=\"elementor-element elementor-element-e01a124 elementor-widget elementor-widget-heading\" data-id=\"e01a124\" data-element_type=\"widget\" data-e-type=\"widget\" data-widget_type=\"heading.default\">\n\t\t\t\t<div class=\"elementor-widget-container\">\n\t\t\t\t\t<h3 class=\"elementor-heading-title elementor-size-default\">La pastorale au quotidien<\/h3>\t\t\t\t<\/div>\n\t\t\t\t<\/div>\n\t\t\t\t<div class=\"elementor-element elementor-element-4c91645 elementor-widget elementor-widget-text-editor\" data-id=\"4c91645\" data-element_type=\"widget\" data-e-type=\"widget\" data-widget_type=\"text-editor.default\">\n\t\t\t\t<div class=\"elementor-widget-container\">\n\t\t\t\t\t\t\t\t\t<ul><li>Qu\u2019il s\u2019agisse, de la dimension culturelle des religions, et plus particuli\u00e8rement du christianisme, de l\u2019\u00e9tude biblique, de l\u2019\u00e9ducation de la Foi, d\u2019initiation ou de la premi\u00e8re annonce, nous regroupons tous ces termes sous le mot \u00ab\u00a0PASTORALE\u00a0\u00bb. La Pastorale, nous renvoie \u00e0 la notion de \u00ab\u00a0troupeau\u00a0\u00bb : l\u2019\u00c9glise, dont le Christ est le berger.<\/li><li>Notre r\u00f4le est de veiller \u00e0 transmettre la Bonne Nouvelle, de rester fid\u00e8le \u00e0 l\u2019esprit de nos fondateurs, du projet pastoral et \u00e9ducatif. Il est aussi d\u2019\u00e9veiller la conscience des jeunes \u00e0 l\u2019esprit d\u2019ouverture, au respect des diff\u00e9rences, afin que chaque jeune grandisse dans l\u2019autonomie et le sens de la responsabilit\u00e9 (et des responsabilit\u00e9s).<\/li><\/ul>\t\t\t\t\t\t\t\t<\/div>\n\t\t\t\t<\/div>\n\t\t\t\t<div class=\"elementor-element elementor-element-4728194 elementor-widget elementor-widget-heading\" data-id=\"4728194\" data-element_type=\"widget\" data-e-type=\"widget\" data-widget_type=\"heading.default\">\n\t\t\t\t<div class=\"elementor-widget-container\">\n\t\t\t\t\t<h3 class=\"elementor-heading-title elementor-size-default\">Les cours de culture religieuse<\/h3>\t\t\t\t<\/div>\n\t\t\t\t<\/div>\n\t\t\t\t<div class=\"elementor-element elementor-element-f0f9f39 elementor-widget elementor-widget-text-editor\" data-id=\"f0f9f39\" data-element_type=\"widget\" data-e-type=\"widget\" data-widget_type=\"text-editor.default\">\n\t\t\t\t<div class=\"elementor-widget-container\">\n\t\t\t\t\t\t\t\t\t<p>Les \u00e9l\u00e8ves de classe de seconde sont attendus au cours de \u00ab culture religieuse \u00bb une fois par quinzaine. Ces cours sont obligatoires quelle que soit la religion de l\u2019\u00e9l\u00e8ve. Nous leur proposons de r\u00e9fl\u00e9chir sur les grandes questions de notre soci\u00e9t\u00e9, sur quel type d\u2019homme ou de femme ils aspirent \u00e0 devenir au-del\u00e0 de leur r\u00e9ussite professionnelle. Nous sommes l\u00e0 pour les aider \u00e0 lutter contre les a priori de toute nature, pour les aider \u00e0 observer le monde. Nous sommes l\u00e0 aussi pour leur procurer une connaissance sur les trois grandes religions monoth\u00e9istes, convaincus que l\u2019ignorance engendre les pr\u00e9jug\u00e9s les plus virulents et les plus tenaces.<br \/>Nous leur proposons de d\u00e9couvrir des exemples de vies vou\u00e9es \u00e0 soulager la mis\u00e8re ( S\u0153ur Emmanuelle\u2026) afin de les faire r\u00e9fl\u00e9chir \u00e0 des notions telles que le respect, l\u2019engagement, le pouvoir, l\u2019argent, le solidarit\u00e9\u2026<br \/>Les priorit\u00e9s de ces heures de classe sont d\u2019instaurer une grande confiance entre l\u2019APS et les \u00e9l\u00e8ves, de s\u2019assurer que chacun puisse apporter aux autres et apprendre de lui-m\u00eame.<\/p>\t\t\t\t\t\t\t\t<\/div>\n\t\t\t\t<\/div>\n\t\t\t\t<div class=\"elementor-element elementor-element-65ef91b elementor-widget elementor-widget-text-editor\" data-id=\"65ef91b\" data-element_type=\"widget\" data-e-type=\"widget\" data-widget_type=\"text-editor.default\">\n\t\t\t\t<div class=\"elementor-widget-container\">\n\t\t\t\t\t\t\t\t\t<pre>Les programmes peuvent \u00eatre momentan\u00e9ment modifi\u00e9s en fonction des questions des \u00e9l\u00e8ves ou de l\u2019actualit\u00e9. De m\u00eame, la r\u00e9flexion abord\u00e9e pendant le cours peut donner naissance, en dehors de celui-ci, \u00e0 une rencontre autour d\u2019une question, \u00e0 un moment de pri\u00e8re ou \u00e0 la pr\u00e9paration d\u2019une c\u00e9l\u00e9bration.<\/pre>\t\t\t\t\t\t\t\t<\/div>\n\t\t\t\t<\/div>\n\t\t\t\t<div class=\"elementor-element elementor-element-b9b56fa elementor-widget elementor-widget-text-editor\" data-id=\"b9b56fa\" data-element_type=\"widget\" data-e-type=\"widget\" data-widget_type=\"text-editor.default\">\n\t\t\t\t<div class=\"elementor-widget-container\">\n\t\t\t\t\t\t\t\t\t<p><\/p>\n<p><strong>Sandrine PROVOST-FLEURY, Animatrice en Pastorale Scolaire<\/strong><\/p>\t\t\t\t\t\t\t\t<\/div>\n\t\t\t\t<\/div>\n\t\t\t\t<div class=\"elementor-element elementor-element-a68b02f elementor-widget elementor-widget-spacer\" data-id=\"a68b02f\" data-element_type=\"widget\" data-e-type=\"widget\" data-widget_type=\"spacer.default\">\n\t\t\t\t<div class=\"elementor-widget-container\">\n\t\t\t\t\t\t\t<div class=\"elementor-spacer\">\n\t\t\t<div class=\"elementor-spacer-inner\"><\/div>\n\t\t<\/div>\n\t\t\t\t\t\t<\/div>\n\t\t\t\t<\/div>\n\t\t\t\t<div class=\"elementor-element elementor-element-a09ec4e elementor-widget elementor-widget-heading\" data-id=\"a09ec4e\" data-element_type=\"widget\" data-e-type=\"widget\" data-widget_type=\"heading.default\">\n\t\t\t\t<div class=\"elementor-widget-container\">\n\t\t\t\t\t<h2 class=\"elementor-heading-title elementor-size-default\">La vie religieuse<\/h2>\t\t\t\t<\/div>\n\t\t\t\t<\/div>\n\t\t\t\t\t<\/div>\n\t\t<\/div>\n\t\t\t\t\t<\/div>\n\t\t<\/section>\n\t\t\t\t<section class=\"elementor-section elementor-top-section elementor-element elementor-element-35de30d elementor-section-boxed elementor-section-height-default elementor-section-height-default\" data-id=\"35de30d\" data-element_type=\"section\" data-e-type=\"section\">\n\t\t\t\t\t\t<div class=\"elementor-container elementor-column-gap-default\">\n\t\t\t\t\t<div class=\"elementor-column elementor-col-50 elementor-top-column elementor-element elementor-element-2e74e6a\" data-id=\"2e74e6a\" data-element_type=\"column\" data-e-type=\"column\">\n\t\t\t<div class=\"elementor-widget-wrap elementor-element-populated\">\n\t\t\t\t\t\t<div class=\"elementor-element elementor-element-60da5fe elementor-widget elementor-widget-text-editor\" data-id=\"60da5fe\" data-element_type=\"widget\" data-e-type=\"widget\" data-widget_type=\"text-editor.default\">\n\t\t\t\t<div class=\"elementor-widget-container\">\n\t\t\t\t\t\t\t\t\t<p>Notre pr\u00eatre accompagnateur,\u00a0 vient \u00e0 la rencontre des \u00e9l\u00e8ves sur les heures de Culture Religieuse.<\/p><p>Durant l\u2019ann\u00e9e 4 temps forts sont c\u00e9l\u00e9br\u00e9s par une messe : la rentr\u00e9e, No\u00ebl, P\u00e2ques et la fin de l\u2019ann\u00e9e.<\/p><p>A chacune de ces occasions, tous les \u00e9l\u00e8ves et la communaut\u00e9 \u00e9ducative sont bien entendu invit\u00e9s.<\/p>\t\t\t\t\t\t\t\t<\/div>\n\t\t\t\t<\/div>\n\t\t\t\t\t<\/div>\n\t\t<\/div>\n\t\t\t\t<div class=\"elementor-column elementor-col-50 elementor-top-column elementor-element elementor-element-8929bbb\" data-id=\"8929bbb\" data-element_type=\"column\" data-e-type=\"column\">\n\t\t\t<div class=\"elementor-widget-wrap\">\n\t\t\t\t\t\t\t<\/div>\n\t\t<\/div>\n\t\t\t\t\t<\/div>\n\t\t<\/section>\n\t\t\t\t<section class=\"elementor-section elementor-top-section elementor-element elementor-element-9b1c076 elementor-section-boxed elementor-section-height-default elementor-section-height-default\" data-id=\"9b1c076\" data-element_type=\"section\" data-e-type=\"section\">\n\t\t\t\t\t\t<div class=\"elementor-container elementor-column-gap-default\">\n\t\t\t\t\t<div class=\"elementor-column elementor-col-100 elementor-top-column elementor-element elementor-element-ad06622\" data-id=\"ad06622\" data-element_type=\"column\" data-e-type=\"column\">\n\t\t\t<div class=\"elementor-widget-wrap elementor-element-populated\">\n\t\t\t\t\t\t<div class=\"elementor-element elementor-element-c4a504a elementor-widget elementor-widget-heading\" data-id=\"c4a504a\" data-element_type=\"widget\" data-e-type=\"widget\" data-widget_type=\"heading.default\">\n\t\t\t\t<div class=\"elementor-widget-container\">\n\t\t\t\t\t<h2 class=\"elementor-heading-title elementor-size-default\">P\u00e8lerinage<\/h2>\t\t\t\t<\/div>\n\t\t\t\t<\/div>\n\t\t\t\t\t<\/div>\n\t\t<\/div>\n\t\t\t\t\t<\/div>\n\t\t<\/section>\n\t\t\t\t<section class=\"elementor-section elementor-top-section elementor-element elementor-element-07bf765 elementor-section-boxed elementor-section-height-default elementor-section-height-default\" data-id=\"07bf765\" data-element_type=\"section\" data-e-type=\"section\">\n\t\t\t\t\t\t<div class=\"elementor-container elementor-column-gap-default\">\n\t\t\t\t\t<div class=\"elementor-column elementor-col-50 elementor-top-column elementor-element elementor-element-f29a49d\" data-id=\"f29a49d\" data-element_type=\"column\" data-e-type=\"column\">\n\t\t\t<div class=\"elementor-widget-wrap elementor-element-populated\">\n\t\t\t\t\t\t<div class=\"elementor-element elementor-element-52f01f0 elementor-widget elementor-widget-image\" data-id=\"52f01f0\" data-element_type=\"widget\" data-e-type=\"widget\" data-widget_type=\"image.default\">\n\t\t\t\t<div class=\"elementor-widget-container\">\n\t\t\t\t\t\t\t\t\t\t\t\t\t\t\t<img fetchpriority=\"high\" decoding=\"async\" width=\"600\" height=\"451\" src=\"https:\/\/www.notredamedesion.fr\/lycee\/wp-content\/uploads\/2025\/03\/photo-03-600x451-1.jpg\" class=\"attachment-large size-large wp-image-2573\" alt=\"\" srcset=\"https:\/\/www.notredamedesion.fr\/lycee\/wp-content\/uploads\/2025\/03\/photo-03-600x451-1.jpg 600w, https:\/\/www.notredamedesion.fr\/lycee\/wp-content\/uploads\/2025\/03\/photo-03-600x451-1-500x376.jpg 500w\" sizes=\"(max-width: 600px) 85vw, 600px\" \/>\t\t\t\t\t\t\t\t\t\t\t\t\t\t\t<\/div>\n\t\t\t\t<\/div>\n\t\t\t\t\t<\/div>\n\t\t<\/div>\n\t\t\t\t<div class=\"elementor-column elementor-col-50 elementor-top-column elementor-element elementor-element-4c0948d\" data-id=\"4c0948d\" data-element_type=\"column\" data-e-type=\"column\">\n\t\t\t<div class=\"elementor-widget-wrap elementor-element-populated\">\n\t\t\t\t\t\t<div class=\"elementor-element elementor-element-c3dc030 elementor-widget elementor-widget-text-editor\" data-id=\"c3dc030\" data-element_type=\"widget\" data-e-type=\"widget\" data-widget_type=\"text-editor.default\">\n\t\t\t\t<div class=\"elementor-widget-container\">\n\t\t\t\t\t\t\t\t\t<p>\u25a0 Saint Victor, pour la Chandeleur le 2 f\u00e9vrier avec les aum\u00f4neries des \u00e9tudiants. Un temps fort pour la ville de Marseille.<\/p><p>Le rite est immuable ; chaque 2 f\u00e9vrier, \u00e0 5 heures du matin, les \u00e9l\u00e8ves de l\u2019\u00e9cole de la marine Marchande, porteurs de l\u2019\u00e9vangile accostent sur le quai des Belges partis en bateau du port de l\u2019Estaque quelques minutes plus t\u00f4t. La procession aux flambeaux peut d\u00e9marrer et rejoindre le parvis de l\u2019abbaye fond\u00e9e par saint Jean Cassien en 415. Vient ensuite la c\u00e9l\u00e9bration de la Chandeleur \u00e0 Saint Victor \u00e0 l\u2019issue de laquelle les p\u00e8lerins ne manquent jamais de descendre dans les cryptes, pour v\u00e9n\u00e9rer les martyrs et la \u00ab Vierge noire \u00bb, \u00e9nigmatique statue du XIII<sup>\u00e8me<\/sup> si\u00e8cle taill\u00e9e en bois sombre. Chaque ann\u00e9e l\u2019\u00e9v\u00eaque de Marseille participe \u00e0 la f\u00eate, il b\u00e9nit les navettes (petits g\u00e2teaux en forme de barque) fabriqu\u00e9es dans le four non loin de l\u2019abbaye, il ne manque jamais de rappeler qu\u2019il b\u00e9nit surtout \u00ab ceux qui les ont fabriqu\u00e9es et ceux qui les mangeront\u2026 \u00bb<\/p>\t\t\t\t\t\t\t\t<\/div>\n\t\t\t\t<\/div>\n\t\t\t\t\t<\/div>\n\t\t<\/div>\n\t\t\t\t\t<\/div>\n\t\t<\/section>\n\t\t\t\t<\/div>\n\t\t","protected":false},"excerpt":{"rendered":"<p>PASTORALE ET SOLIDARITE Un \u00e9tablissement catholique d\u2019enseignement : Notre-Dame de Sion Le lyc\u00e9e accueille tous les \u00e9l\u00e8ves, sans distinction confessionnelle. Son projet p\u00e9dagogique est associ\u00e9 \u00e0 son projet pastoral\u00a0: l\u2019annonce de J\u00e9sus-Christ. Cette annonce ne se r\u00e9alise pas seulement dans la culture religieuse, les c\u00e9l\u00e9brations ou l\u2019organisation de temps forts d\u2019aum\u00f4nerie, mais aussi dans la &hellip; <a href=\"https:\/\/www.notredamedesion.fr\/lycee\/lycee\/pastorale\/\" class=\"more-link\">Continue reading<span class=\"screen-reader-text\"> \u00ab\u00a0Pastorale et solidarit\u00e9\u00a0\u00bb<\/span><\/a><\/p>\n","protected":false},"author":3,"featured_media":0,"parent":2070,"menu_order":38,"comment_status":"closed","ping_status":"closed","template":"elementor_header_footer","meta":{"sfsi_plus_gutenberg_text_before_share":"","sfsi_plus_gutenberg_show_text_before_share":"","sfsi_plus_gutenberg_icon_type":"","sfsi_plus_gutenberg_icon_alignemt":"","sfsi_plus_gutenburg_max_per_row":"","footnotes":""},"class_list":["post-2076","page","type-page","status-publish","hentry"],"_links":{"self":[{"href":"https:\/\/www.notredamedesion.fr\/lycee\/wp-json\/wp\/v2\/pages\/2076","targetHints":{"allow":["GET"]}}],"collection":[{"href":"https:\/\/www.notredamedesion.fr\/lycee\/wp-json\/wp\/v2\/pages"}],"about":[{"href":"https:\/\/www.notredamedesion.fr\/lycee\/wp-json\/wp\/v2\/types\/page"}],"author":[{"embeddable":true,"href":"https:\/\/www.notredamedesion.fr\/lycee\/wp-json\/wp\/v2\/users\/3"}],"replies":[{"embeddable":true,"href":"https:\/\/www.notredamedesion.fr\/lycee\/wp-json\/wp\/v2\/comments?post=2076"}],"version-history":[{"count":39,"href":"https:\/\/www.notredamedesion.fr\/lycee\/wp-json\/wp\/v2\/pages\/2076\/revisions"}],"predecessor-version":[{"id":3935,"href":"https:\/\/www.notredamedesion.fr\/lycee\/wp-json\/wp\/v2\/pages\/2076\/revisions\/3935"}],"up":[{"embeddable":true,"href":"https:\/\/www.notredamedesion.fr\/lycee\/wp-json\/wp\/v2\/pages\/2070"}],"wp:attachment":[{"href":"https:\/\/www.notredamedesion.fr\/lycee\/wp-json\/wp\/v2\/media?parent=2076"}],"curies":[{"name":"wp","href":"https:\/\/api.w.org\/{rel}","templated":true}]}}